CRAN Package Check Results for Package RTL

Last updated on 2022-11-30 23:54:50 CET.

Flavor Version Tinstall Tcheck Ttotal Status Flags
r-devel-linux-x86_64-debian-clang 1.3.1 57.67 137.62 195.29 OK
r-devel-linux-x86_64-debian-gcc 1.3.1 48.61 102.24 150.85 OK
r-devel-linux-x86_64-fedora-clang 1.3.1 274.58 NOTE
r-devel-linux-x86_64-fedora-gcc 1.3.1 262.92 NOTE
r-devel-windows-x86_64 1.3.1 77.00 211.00 288.00 OK
r-patched-linux-x86_64 1.3.1 48.60 127.14 175.74 OK
r-release-linux-x86_64 1.3.1 39.94 126.10 166.04 OK
r-release-macos-arm64 1.3.1 87.00 NOTE
r-release-macos-x86_64 1.3.1 97.00 NOTE
r-release-windows-x86_64 1.3.1 68.00 207.00 275.00 OK
r-oldrel-macos-arm64 1.3.1 76.00 NOTE
r-oldrel-macos-x86_64 1.3.1 94.00 NOTE
r-oldrel-windows-ix86+x86_64 1.3.1 121.00 249.00 370.00 NOTE

Check Details

Version: 1.3.1
Check: package dependencies
Result: NOTE
    Imports includes 23 non-default packages.
    Importing from so many packages makes the package vulnerable to any of
    them becoming unavailable. Move as many as possible to Suggests and
    use conditionally.
Flavor: r-devel-linux-x86_64-fedora-clang

Version: 1.3.1
Check: data for non-ASCII characters
Result: NOTE
     Note: found 10 marked UTF-8 strings
Flavors: r-devel-linux-x86_64-fedora-clang, r-devel-linux-x86_64-fedora-gcc, r-release-macos-arm64, r-release-macos-x86_64, r-oldrel-macos-arm64, r-oldrel-macos-x86_64

Version: 1.3.1
Check: installed package size
Result: NOTE
     installed size is 5.1Mb
     sub-directories of 1Mb or more:
     data 2.7Mb
     libs 2.0Mb
Flavor: r-oldrel-windows-ix86+x86_64