CRAN Package Check Results for Package RSA

Last updated on 2021-01-18 23:49:44 CET.

Flavor Version Tinstall Tcheck Ttotal Status Flags
r-devel-linux-x86_64-debian-clang 0.10.2 13.32 94.59 107.91 OK
r-devel-linux-x86_64-debian-gcc 0.10.2 10.02 70.82 80.84 OK
r-devel-linux-x86_64-fedora-clang 0.10.2 140.02 NOTE
r-devel-linux-x86_64-fedora-gcc 0.10.2 128.71 OK
r-devel-windows-ix86+x86_64 0.10.2 16.00 79.00 95.00 OK
r-patched-linux-x86_64 0.10.2 13.30 86.65 99.95 OK
r-patched-solaris-x86 0.10.2 171.80 OK
r-release-linux-x86_64 0.10.2 14.07 87.23 101.30 OK
r-release-macos-x86_64 0.10.2 OK
r-release-windows-ix86+x86_64 0.10.2 17.00 82.00 99.00 OK
r-oldrel-macos-x86_64 0.10.2 WARN
r-oldrel-windows-ix86+x86_64 0.10.2 15.00 70.00 85.00 OK

Check Details

Version: 0.10.2
Check: Rd cross-references
Result: NOTE
    Undeclared package ‘AICcmodavg’ in Rd xrefs
Flavor: r-devel-linux-x86_64-fedora-clang

Version: 0.10.2
Check: dependencies in R code
Result: NOTE
    No protocol specified
    No protocol specified
    No protocol specified
    No protocol specified
Flavor: r-oldrel-macos-x86_64

Version: 0.10.2
Check: S3 generic/method consistency
Result: WARN
    No protocol specified
    No protocol specified
    See section ‘Generic functions and methods’ in the ‘Writing R
    Extensions’ manual.
Flavor: r-oldrel-macos-x86_64

Version: 0.10.2
Check: replacement functions
Result: WARN
    No protocol specified
    No protocol specified
    The argument of a replacement function which corresponds to the right
    hand side must be named ‘value’.
Flavor: r-oldrel-macos-x86_64

Version: 0.10.2
Check: foreign function calls
Result: NOTE
    No protocol specified
    No protocol specified
    See chapter ‘System and foreign language interfaces’ in the ‘Writing R
    Extensions’ manual.
Flavor: r-oldrel-macos-x86_64

Version: 0.10.2
Check: R code for possible problems
Result: NOTE
    No protocol specified
    No protocol specified
Flavor: r-oldrel-macos-x86_64

Version: 0.10.2
Check: for missing documentation entries
Result: WARN
    No protocol specified
    No protocol specified
    All user-level objects in a package should have documentation entries.
    See chapter ‘Writing R documentation files’ in the ‘Writing R
    Extensions’ manual.
Flavor: r-oldrel-macos-x86_64

Version: 0.10.2
Check: for code/documentation mismatches
Result: WARN
    No protocol specified
    No protocol specified
    No protocol specified
    No protocol specified
    No protocol specified
    No protocol specified
Flavor: r-oldrel-macos-x86_64

Version: 0.10.2
Check: Rd \usage sections
Result: NOTE
    No protocol specified
    No protocol specified
    The \usage entries for S3 methods should use the \method markup and not
    their full name.
    See chapter ‘Writing R documentation files’ in the ‘Writing R
    Extensions’ manual.
Flavor: r-oldrel-macos-x86_64