Last updated on 2023-10-04 00:58:36 CEST.
Flavor | Version | Tinstall | Tcheck | Ttotal | Status | Flags |
---|---|---|---|---|---|---|
r-devel-linux-x86_64-debian-clang | 1.4.8 | 22.41 | 170.78 | 193.19 | OK | |
r-devel-linux-x86_64-debian-gcc | 1.4.8 | 18.74 | 127.07 | 145.81 | OK | |
r-devel-linux-x86_64-fedora-clang | 1.4.8 | 234.96 | NOTE | |||
r-devel-linux-x86_64-fedora-gcc | 1.4.8 | 241.40 | OK | |||
r-devel-windows-x86_64 | 1.4.8 | 20.00 | 159.00 | 179.00 | NOTE | |
r-patched-linux-x86_64 | 1.4.8 | 20.55 | 162.37 | 182.92 | OK | |
r-release-linux-x86_64 | 1.4.8 | 18.17 | 162.68 | 180.85 | OK | |
r-release-macos-arm64 | 1.4.8 | 71.00 | NOTE | |||
r-release-macos-x86_64 | 1.4.8 | 177.00 | NOTE | |||
r-release-windows-x86_64 | 1.4.8 | 26.00 | 180.00 | 206.00 | NOTE | |
r-oldrel-macos-arm64 | 1.4.8 | 69.00 | NOTE | |||
r-oldrel-macos-x86_64 | 1.4.8 | 96.00 | NOTE | |||
r-oldrel-windows-x86_64 | 1.4.8 | 27.00 | 184.00 | 211.00 | NOTE |
Version: 1.4.8
Check: installed package size
Result: NOTE
installed size is 5.4Mb
sub-directories of 1Mb or more:
extdata 4.6Mb
Flavors: r-devel-linux-x86_64-fedora-clang, r-devel-windows-x86_64, r-release-macos-arm64, r-release-macos-x86_64, r-release-windows-x86_64, r-oldrel-macos-arm64, r-oldrel-macos-x86_64, r-oldrel-windows-x86_64