CRAN Package Check Results for Package RPCLR

Last updated on 2019-03-19 02:50:14 CET.

Flavor Version Tinstall Tcheck Ttotal Status Flags
r-devel-linux-x86_64-debian-clang 1.0 5.56 64.87 70.43 NOTE
r-devel-linux-x86_64-debian-gcc 1.0 5.64 50.16 55.80 NOTE
r-devel-linux-x86_64-fedora-clang 1.0 83.27 NOTE
r-devel-linux-x86_64-fedora-gcc 1.0 78.96 NOTE
r-devel-windows-ix86+x86_64 1.0 15.00 96.00 111.00 NOTE
r-patched-linux-x86_64 1.0 3.65 61.06 64.71 NOTE
r-patched-solaris-x86 1.0 109.90 NOTE
r-release-linux-x86_64 1.0 4.07 60.97 65.04 NOTE
r-release-windows-ix86+x86_64 1.0 9.00 97.00 106.00 NOTE
r-release-osx-x86_64 1.0 NOTE
r-oldrel-windows-ix86+x86_64 1.0 10.00 90.00 100.00 NOTE
r-oldrel-osx-x86_64 1.0 NOTE

Check Details

Version: 1.0
Check: top-level files
Result: NOTE
    Non-standard file/directory found at top level:
     'Read-and-delete-me'
Flavors: r-devel-linux-x86_64-debian-clang, r-devel-linux-x86_64-debian-gcc, r-devel-linux-x86_64-fedora-clang, r-devel-linux-x86_64-fedora-gcc, r-patched-linux-x86_64, r-release-linux-x86_64

Version: 1.0
Check: dependencies in R code
Result: NOTE
    'library' or 'require' calls to packages already attached by Depends:
     'MASS' 'survival'
     Please remove these calls from your code.
    Packages in Depends field not imported from:
     'MASS' 'survival'
     These packages need to be imported from (in the NAMESPACE file)
     for when this namespace is loaded but not attached.
Flavors: r-devel-linux-x86_64-debian-clang, r-devel-linux-x86_64-debian-gcc, r-devel-linux-x86_64-fedora-clang, r-devel-linux-x86_64-fedora-gcc, r-devel-windows-ix86+x86_64, r-patched-linux-x86_64, r-patched-solaris-x86, r-release-linux-x86_64, r-release-windows-ix86+x86_64, r-release-osx-x86_64, r-oldrel-windows-ix86+x86_64, r-oldrel-osx-x86_64

Version: 1.0
Check: R code for possible problems
Result: NOTE
    GenerateData: no visible global function definition for 'mvrnorm'
    GetVarImp : FitPenalizedModel: no visible global function definition
     for 'clogit'
    Undefined global functions or variables:
     clogit mvrnorm
Flavors: r-devel-linux-x86_64-debian-clang, r-devel-linux-x86_64-debian-gcc, r-devel-linux-x86_64-fedora-clang, r-devel-linux-x86_64-fedora-gcc, r-devel-windows-ix86+x86_64, r-patched-linux-x86_64, r-patched-solaris-x86, r-release-linux-x86_64, r-release-windows-ix86+x86_64, r-release-osx-x86_64, r-oldrel-windows-ix86+x86_64, r-oldrel-osx-x86_64

Version: 1.0
Check: Rd line widths
Result: NOTE
    Rd file 'GetVarImp.Rd':
     \examples lines wider than 100 characters:
     hist(MyResults, breaks=6, col="orange", xlab="Importance score", ylab="Number of features", main="Histogram of R-PCLR variable importan ... [TRUNCATED]
     ## Sort from most important (highest importance score) to least important feature (lowest importance score)
    
    These lines will be truncated in the PDF manual.
Flavors: r-devel-linux-x86_64-debian-clang, r-devel-linux-x86_64-debian-gcc, r-devel-linux-x86_64-fedora-clang, r-devel-linux-x86_64-fedora-gcc, r-patched-linux-x86_64, r-release-linux-x86_64