Last updated on 2022-06-24 23:50:21 CEST.
Flavor | Version | Tinstall | Tcheck | Ttotal | Status | Flags |
---|---|---|---|---|---|---|
r-devel-linux-x86_64-debian-clang | 1.2.1 | 43.73 | 190.21 | 233.94 | OK | |
r-devel-linux-x86_64-debian-gcc | 1.2.1 | 34.18 | 140.65 | 174.83 | OK | |
r-devel-linux-x86_64-fedora-clang | 1.2.1 | 282.88 | OK | |||
r-devel-linux-x86_64-fedora-gcc | 1.2.1 | 303.06 | OK | |||
r-devel-windows-x86_64 | 1.2.1 | 76.00 | 203.00 | 279.00 | OK | |
r-patched-linux-x86_64 | 1.2.1 | 46.74 | 178.33 | 225.07 | OK | |
r-release-linux-x86_64 | 1.2.1 | 41.33 | 176.31 | 217.64 | OK | |
r-release-macos-arm64 | 1.2.1 | 73.00 | NOTE | |||
r-release-macos-x86_64 | 1.2.1 | 126.00 | OK | |||
r-release-windows-x86_64 | 1.2.1 | 78.00 | 196.00 | 274.00 | OK | |
r-oldrel-macos-arm64 | 1.2.1 | 83.00 | OK | |||
r-oldrel-macos-x86_64 | 1.2.1 | 96.00 | OK | |||
r-oldrel-windows-ix86+x86_64 | 1.2.1 | 72.00 | 204.00 | 276.00 | OK |
Version: 1.2.1
Check: package dependencies
Result: NOTE
Package suggested but not available for checking: ‘RobLox’
Flavor: r-release-macos-arm64
Version: 1.2.1
Check: Rd cross-references
Result: NOTE
Package unavailable to check Rd xrefs: ‘RobLox’
Flavor: r-release-macos-arm64