CRAN Package Check Results for Package ROSE

Last updated on 2022-06-26 23:52:09 CEST.

Flavor Version Tinstall Tcheck Ttotal Status Flags
r-devel-linux-x86_64-debian-clang 0.0-4 2.84 27.32 30.16 OK
r-devel-linux-x86_64-debian-gcc 0.0-4 2.22 20.90 23.12 OK
r-devel-linux-x86_64-fedora-clang 0.0-4 46.44 NOTE
r-devel-linux-x86_64-fedora-gcc 0.0-4 47.67 OK
r-devel-windows-x86_64 0.0-4 12.00 53.00 65.00 OK
r-patched-linux-x86_64 0.0-4 2.65 26.18 28.83 OK
r-release-linux-x86_64 0.0-4 2.92 25.50 28.42 OK
r-release-macos-arm64 0.0-4 15.00 OK
r-release-macos-x86_64 0.0-4 23.00 OK
r-release-windows-x86_64 0.0-4 13.00 50.00 63.00 OK
r-oldrel-macos-arm64 0.0-4 16.00 OK
r-oldrel-macos-x86_64 0.0-4 22.00 OK
r-oldrel-windows-ix86+x86_64 0.0-4 7.00 45.00 52.00 OK

Check Details

Version: 0.0-4
Check: Rd cross-references
Result: NOTE
    Undeclared package ‘pROC’ in Rd xrefs
Flavor: r-devel-linux-x86_64-fedora-clang