CRAN Package Check Results for Package RNeXML

Last updated on 2024-07-16 00:56:10 CEST.

Flavor Version Tinstall Tcheck Ttotal Status Flags
r-devel-linux-x86_64-debian-clang 2.4.11 18.96 193.29 212.25 NOTE
r-devel-linux-x86_64-debian-gcc 2.4.11 13.63 136.80 150.43 NOTE
r-devel-linux-x86_64-fedora-clang 2.4.11 264.38 NOTE
r-devel-linux-x86_64-fedora-gcc 2.4.11 272.34 NOTE
r-devel-windows-x86_64 2.4.11 22.00 146.00 168.00 NOTE
r-patched-linux-x86_64 2.4.11 21.52 177.30 198.82 NOTE
r-release-linux-x86_64 2.4.11 18.90 181.53 200.43 NOTE
r-release-macos-arm64 2.4.11 78.00 NOTE
r-release-macos-x86_64 2.4.11 120.00 NOTE
r-release-windows-x86_64 2.4.11 19.00 144.00 163.00 NOTE
r-oldrel-macos-arm64 2.4.11 82.00 OK
r-oldrel-macos-x86_64 2.4.11 136.00 OK
r-oldrel-windows-x86_64 2.4.11 24.00 193.00 217.00 OK

Check Details

Version: 2.4.11
Check: Rd files
Result: NOTE checkRd: (-1) nexml_get.Rd:30: Lost braces in \itemize; meant \describe ? checkRd: (-1) nexml_get.Rd:31: Lost braces in \itemize; meant \describe ? checkRd: (-1) nexml_get.Rd:32: Lost braces in \itemize; meant \describe ? checkRd: (-1) nexml_get.Rd:33: Lost braces in \itemize; meant \describe ? checkRd: (-1) nexml_get.Rd:34: Lost braces in \itemize; meant \describe ? checkRd: (-1) nexml_get.Rd:35: Lost braces in \itemize; meant \describe ? Flavors: r-devel-linux-x86_64-debian-clang, r-devel-linux-x86_64-debian-gcc, r-devel-linux-x86_64-fedora-clang, r-devel-linux-x86_64-fedora-gcc, r-devel-windows-x86_64, r-patched-linux-x86_64, r-release-linux-x86_64, r-release-macos-arm64, r-release-macos-x86_64, r-release-windows-x86_64