CRAN Package Check Results for Package RNCBIEUtilsLibs

Last updated on 2019-10-20 23:47:36 CEST.

Flavor Version Tinstall Tcheck Ttotal Status Flags
r-devel-linux-x86_64-debian-clang 0.9 4.24 28.20 32.44 NOTE
r-devel-linux-x86_64-debian-gcc 0.9 2.55 22.59 25.14 NOTE
r-devel-linux-x86_64-fedora-clang 0.9 38.69 NOTE
r-devel-linux-x86_64-fedora-gcc 0.9 40.21 NOTE
r-devel-windows-ix86+x86_64 0.9 7.00 6.00 13.00 ERROR
r-patched-linux-x86_64 0.9 3.50 27.72 31.22 NOTE
r-patched-solaris-x86 0.9 56.40 NOTE
r-release-linux-x86_64 0.9 3.18 27.52 30.70 NOTE
r-release-windows-ix86+x86_64 0.9 9.00 53.00 62.00 NOTE
r-release-osx-x86_64 0.9 NOTE
r-oldrel-windows-ix86+x86_64 0.9 7.00 41.00 48.00 NOTE
r-oldrel-osx-x86_64 0.9 NOTE

Check Details

Version: 0.9
Check: DESCRIPTION meta-information
Result: NOTE
    Malformed Title field: should not end in a period.
Flavors: r-devel-linux-x86_64-debian-clang, r-devel-linux-x86_64-debian-gcc, r-devel-linux-x86_64-fedora-clang, r-devel-linux-x86_64-fedora-gcc, r-patched-linux-x86_64, r-patched-solaris-x86, r-release-linux-x86_64, r-release-windows-ix86+x86_64, r-release-osx-x86_64, r-oldrel-windows-ix86+x86_64, r-oldrel-osx-x86_64

Version: 0.9
Check: installed package size
Result: NOTE
     installed size is 12.2Mb
     sub-directories of 1Mb or more:
     java 12.1Mb
Flavors: r-devel-linux-x86_64-fedora-clang, r-patched-solaris-x86, r-release-windows-ix86+x86_64, r-release-osx-x86_64, r-oldrel-windows-ix86+x86_64, r-oldrel-osx-x86_64

Version: 0.9
Check: dependencies in R code
Result: NOTE
    Namespace in Imports field not imported from: ‘methods’
     All declared Imports should be used.
Flavors: r-devel-linux-x86_64-fedora-clang, r-devel-linux-x86_64-fedora-gcc, r-patched-solaris-x86, r-release-osx-x86_64, r-oldrel-osx-x86_64

Version: 0.9
Check: whether package can be installed
Result: ERROR
    Installation failed.
Flavor: r-devel-windows-ix86+x86_64