CRAN Package Check Results for Package RNCBIEUtilsLibs

Last updated on 2020-05-24 23:47:54 CEST.

Flavor Version Tinstall Tcheck Ttotal Status Flags
r-devel-linux-x86_64-debian-clang 0.9 4.60 30.08 34.68 NOTE
r-devel-linux-x86_64-debian-gcc 0.9 3.32 23.99 27.31 NOTE
r-devel-linux-x86_64-fedora-clang 0.9 41.86 NOTE
r-devel-linux-x86_64-fedora-gcc 0.9 42.26 NOTE
r-devel-windows-ix86+x86_64 0.9 12.00 63.00 75.00 NOTE
r-patched-linux-x86_64 0.9 4.35 30.38 34.73 NOTE
r-patched-solaris-x86 0.9 61.70 NOTE
r-release-linux-x86_64 0.9 4.29 30.57 34.86 NOTE
r-release-osx-x86_64 0.9 NOTE
r-release-windows-ix86+x86_64 0.9 9.00 46.00 55.00 NOTE
r-oldrel-osx-x86_64 0.9 NOTE
r-oldrel-windows-ix86+x86_64 0.9 9.00 42.00 51.00 NOTE

Check Details

Version: 0.9
Check: DESCRIPTION meta-information
Result: NOTE
    Malformed Title field: should not end in a period.
Flavors: r-devel-linux-x86_64-debian-clang, r-devel-linux-x86_64-debian-gcc, r-devel-linux-x86_64-fedora-clang, r-devel-linux-x86_64-fedora-gcc, r-devel-windows-ix86+x86_64, r-patched-linux-x86_64, r-patched-solaris-x86, r-release-linux-x86_64, r-release-osx-x86_64, r-release-windows-ix86+x86_64, r-oldrel-osx-x86_64, r-oldrel-windows-ix86+x86_64

Version: 0.9
Check: installed package size
Result: NOTE
     installed size is 12.2Mb
     sub-directories of 1Mb or more:
     java 12.1Mb
Flavors: r-devel-linux-x86_64-fedora-clang, r-devel-windows-ix86+x86_64, r-patched-solaris-x86, r-release-osx-x86_64, r-release-windows-ix86+x86_64, r-oldrel-osx-x86_64, r-oldrel-windows-ix86+x86_64

Version: 0.9
Check: dependencies in R code
Result: NOTE
    Namespace in Imports field not imported from: ‘methods’
     All declared Imports should be used.
Flavors: r-devel-linux-x86_64-fedora-clang, r-devel-linux-x86_64-fedora-gcc, r-patched-solaris-x86, r-release-osx-x86_64, r-oldrel-osx-x86_64