Last updated on 2022-06-26 23:52:08 CEST.
Flavor | Version | Tinstall | Tcheck | Ttotal | Status | Flags |
---|---|---|---|---|---|---|
r-devel-linux-x86_64-debian-clang | 4.0.7 | 321.42 | 171.96 | 493.38 | WARN | |
r-devel-linux-x86_64-debian-gcc | 4.0.7 | 277.03 | 135.87 | 412.90 | OK | |
r-devel-linux-x86_64-fedora-clang | 4.0.7 | 753.40 | WARN | |||
r-devel-linux-x86_64-fedora-gcc | 4.0.7 | 708.56 | OK | |||
r-devel-windows-x86_64 | 4.0.7 | 325.00 | 251.00 | 576.00 | OK | |
r-patched-linux-x86_64 | 4.0.7 | 281.71 | 167.88 | 449.59 | OK | |
r-release-linux-x86_64 | 4.0.7 | 289.12 | 171.65 | 460.77 | OK | |
r-release-macos-arm64 | 4.0.7 | 163.00 | NOTE | |||
r-release-macos-x86_64 | 4.0.7 | 227.00 | NOTE | |||
r-release-windows-x86_64 | 4.0.7 | 322.00 | 250.00 | 572.00 | OK | |
r-oldrel-macos-arm64 | 4.0.7 | 150.00 | NOTE | |||
r-oldrel-macos-x86_64 | 4.0.7 | 248.00 | NOTE | |||
r-oldrel-windows-ix86+x86_64 | 4.0.7 | 800.00 | 433.00 | 1233.00 | OK |
Version: 4.0.7
Check: whether package can be installed
Result: WARN
Found the following significant warnings:
lib/Composer/MixtureComposer.h:247:7: warning: use of bitwise '&' with boolean operands [-Wbitwise-instead-of-logical]
optim/include/cppoptlib/solver/../linesearch/morethuente.h:175:20: warning: use of bitwise '|' with boolean operands [-Wbitwise-instead-of-logical]
Flavors: r-devel-linux-x86_64-debian-clang, r-devel-linux-x86_64-fedora-clang
Version: 4.0.7
Check: installed package size
Result: NOTE
installed size is 23.6Mb
sub-directories of 1Mb or more:
libs 23.4Mb
Flavors: r-devel-linux-x86_64-fedora-clang, r-release-macos-arm64, r-release-macos-x86_64, r-oldrel-macos-arm64, r-oldrel-macos-x86_64