Last updated on 2022-07-04 23:53:33 CEST.
Flavor | Version | Tinstall | Tcheck | Ttotal | Status | Flags |
---|---|---|---|---|---|---|
r-devel-linux-x86_64-debian-clang | 1.2.2 | 114.47 | 56.83 | 171.30 | OK | |
r-devel-linux-x86_64-debian-gcc | 1.2.2 | 87.55 | 42.35 | 129.90 | OK | |
r-devel-linux-x86_64-fedora-clang | 1.2.2 | 270.36 | OK | |||
r-devel-linux-x86_64-fedora-gcc | 1.2.2 | 230.85 | OK | |||
r-devel-windows-x86_64 | 1.2.2 | 304.00 | 209.00 | 513.00 | OK | |
r-patched-linux-x86_64 | 1.2.2 | 101.26 | 54.33 | 155.59 | OK | |
r-release-linux-x86_64 | 1.2.2 | 98.92 | 53.43 | 152.35 | OK | |
r-release-macos-arm64 | 1.2.2 | 50.00 | NOTE | |||
r-release-macos-x86_64 | 1.2.2 | 79.00 | NOTE | |||
r-release-windows-x86_64 | 1.2.2 | 395.00 | 203.00 | 598.00 | OK | |
r-oldrel-macos-arm64 | 1.2.2 | 52.00 | NOTE | |||
r-oldrel-macos-x86_64 | 1.2.2 | 83.00 | NOTE | |||
r-oldrel-windows-ix86+x86_64 | 1.2.2 | 544.00 | 220.00 | 764.00 | NOTE |
Version: 1.2.2
Check: installed package size
Result: NOTE
installed size is 6.1Mb
sub-directories of 1Mb or more:
libs 5.7Mb
Flavors: r-release-macos-arm64, r-release-macos-x86_64, r-oldrel-macos-arm64, r-oldrel-macos-x86_64, r-oldrel-windows-ix86+x86_64