CRAN Package Check Results for Package RKEA

Last updated on 2019-10-13 23:47:30 CEST.

Flavor Version Tinstall Tcheck Ttotal Status Flags
r-devel-linux-x86_64-debian-clang 0.0-6 3.74 40.67 44.41 OK
r-devel-linux-x86_64-debian-gcc 0.0-6 3.03 31.90 34.93 OK
r-devel-linux-x86_64-fedora-clang 0.0-6 55.68 OK
r-devel-linux-x86_64-fedora-gcc 0.0-6 56.07 OK
r-devel-windows-ix86+x86_64 0.0-6 5.00 6.00 11.00 ERROR
r-patched-linux-x86_64 0.0-6 3.47 40.06 43.53 OK
r-patched-solaris-x86 0.0-6 73.70 OK
r-release-linux-x86_64 0.0-6 3.75 39.59 43.34 OK
r-release-windows-ix86+x86_64 0.0-6 13.00 50.00 63.00 OK
r-release-osx-x86_64 0.0-6 OK
r-oldrel-windows-ix86+x86_64 0.0-6 5.00 50.00 55.00 OK
r-oldrel-osx-x86_64 0.0-6 OK

Check Details

Version: 0.0-6
Check: whether package can be installed
Result: ERROR
    Installation failed.
Flavor: r-devel-windows-ix86+x86_64