Last updated on 2023-02-06 23:55:56 CET.
Flavor | Version | Tinstall | Tcheck | Ttotal | Status | Flags |
---|---|---|---|---|---|---|
r-devel-linux-x86_64-debian-clang | 0.1.1 | 6.04 | 46.71 | 52.75 | NOTE | |
r-devel-linux-x86_64-debian-gcc | 0.1.1 | 4.24 | 35.36 | 39.60 | NOTE | |
r-devel-linux-x86_64-fedora-clang | 0.1.1 | 69.11 | NOTE | |||
r-devel-linux-x86_64-fedora-gcc | 0.1.1 | 61.29 | NOTE | |||
r-devel-windows-x86_64 | 0.1.1 | 20.00 | 79.00 | 99.00 | NOTE | |
r-patched-linux-x86_64 | 0.1.1 | 4.67 | 46.36 | 51.03 | NOTE | |
r-release-linux-x86_64 | 0.1.1 | 4.59 | 45.57 | 50.16 | NOTE | |
r-release-macos-arm64 | 0.1.1 | 22.00 | NOTE | |||
r-release-macos-x86_64 | 0.1.1 | 49.00 | NOTE | |||
r-release-windows-x86_64 | 0.1.1 | 18.00 | 87.00 | 105.00 | NOTE | |
r-oldrel-macos-arm64 | 0.1.1 | 27.00 | NOTE | |||
r-oldrel-macos-x86_64 | 0.1.1 | 38.00 | NOTE | |||
r-oldrel-windows-ix86+x86_64 | 0.1.1 | 12.00 | 76.00 | 88.00 | NOTE |
Version: 0.1.1
Check: LazyData
Result: NOTE
'LazyData' is specified without a 'data' directory
Flavors: r-devel-linux-x86_64-debian-clang, r-devel-linux-x86_64-debian-gcc, r-devel-linux-x86_64-fedora-clang, r-devel-linux-x86_64-fedora-gcc, r-devel-windows-x86_64, r-patched-linux-x86_64, r-release-linux-x86_64, r-release-macos-arm64, r-release-macos-x86_64, r-release-windows-x86_64, r-oldrel-macos-arm64, r-oldrel-macos-x86_64, r-oldrel-windows-ix86+x86_64