Last updated on 2022-05-18 23:52:23 CEST.
Flavor | Version | Tinstall | Tcheck | Ttotal | Status | Flags |
---|---|---|---|---|---|---|
r-devel-linux-x86_64-debian-clang | 3.0-2 | 13.18 | 106.42 | 119.60 | OK | |
r-devel-linux-x86_64-debian-gcc | 3.0-2 | 9.95 | 78.55 | 88.50 | OK | |
r-devel-linux-x86_64-fedora-clang | 3.0-2 | 138.12 | OK | |||
r-devel-linux-x86_64-fedora-gcc | 3.0-2 | 135.72 | OK | |||
r-devel-windows-x86_64 | 3.0-2 | 58.00 | 109.00 | 167.00 | OK | |
r-patched-linux-x86_64 | 3.0-2 | 12.23 | 100.06 | 112.29 | OK | |
r-release-linux-x86_64 | 3.0-2 | 13.39 | 100.35 | 113.74 | OK | |
r-release-macos-arm64 | 3.0-2 | 32.00 | OK | |||
r-release-macos-x86_64 | 3.0-2 | 66.00 | OK | |||
r-release-windows-x86_64 | 3.0-2 | 72.00 | 109.00 | 181.00 | OK | |
r-oldrel-macos-arm64 | 3.0-2 | 44.00 | NOTE | |||
r-oldrel-macos-x86_64 | 3.0-2 | 59.00 | OK | |||
r-oldrel-windows-ix86+x86_64 | 3.0-2 | 28.00 | 109.00 | 137.00 | OK |
Version: 3.0-2
Check: package dependencies
Result: NOTE
Packages suggested but not available for checking: 'showtext', 'sysfonts'
Flavor: r-oldrel-macos-arm64