CRAN Package Check Results for Package REndo

Last updated on 2022-01-23 23:50:27 CET.

Flavor Version Tinstall Tcheck Ttotal Status Flags
r-devel-linux-x86_64-debian-clang 2.4.3 36.24 330.73 366.97 OK
r-devel-linux-x86_64-debian-gcc 2.4.3 26.25 261.06 287.31 OK
r-devel-linux-x86_64-fedora-clang 2.4.3 445.48 OK
r-devel-linux-x86_64-fedora-gcc 2.4.3 415.68 OK
r-devel-windows-x86_64-new-UL 2.4.3 89.00 417.00 506.00 OK
r-devel-windows-x86_64-new-TK 2.4.3 ERROR
r-patched-linux-x86_64 2.4.3 29.03 316.02 345.05 OK
r-release-linux-x86_64 2.4.3 30.31 310.92 341.23 OK
r-release-macos-arm64 2.4.3 OK
r-release-macos-x86_64 2.4.3 OK
r-release-windows-ix86+x86_64 2.4.3 82.00 700.00 782.00 OK
r-oldrel-macos-x86_64 2.4.3 OK
r-oldrel-windows-ix86+x86_64 2.4.3 82.00 700.00 782.00 OK

Check Details

Version: 2.4.3
Check: package dependencies
Result: ERROR
    Packages required but not available: 'AER', 'lme4'
    
    See section 'The DESCRIPTION file' in the 'Writing R Extensions'
    manual.
Flavor: r-devel-windows-x86_64-new-TK