CRAN Package Check Results for Package RDM

Last updated on 2024-07-22 00:50:46 CEST.

Flavor Version Tinstall Tcheck Ttotal Status Flags
r-devel-linux-x86_64-debian-clang 0.1.1 16.90 62.19 79.09 NOTE
r-devel-linux-x86_64-debian-gcc 0.1.1 10.18 44.83 55.01 NOTE
r-devel-linux-x86_64-fedora-clang 0.1.1 107.16 NOTE
r-devel-linux-x86_64-fedora-gcc 0.1.1 100.71 NOTE
r-devel-windows-x86_64 0.1.1 15.00 79.00 94.00 NOTE
r-patched-linux-x86_64 0.1.1 17.38 59.25 76.63 NOTE
r-release-linux-x86_64 0.1.1 14.42 58.27 72.69 NOTE
r-release-macos-arm64 0.1.1 30.00 NOTE
r-release-macos-x86_64 0.1.1 44.00 NOTE
r-release-windows-x86_64 0.1.1 19.00 80.00 99.00 NOTE
r-oldrel-macos-arm64 0.1.1 34.00 OK
r-oldrel-macos-x86_64 0.1.1 50.00 OK
r-oldrel-windows-x86_64 0.1.1 22.00 92.00 114.00 OK

Check Details

Version: 0.1.1
Check: Rd files
Result: NOTE checkRd: (-1) computeCBMeasure.Rd:26: Lost braces in \itemize; meant \describe ? checkRd: (-1) computeCBMeasure.Rd:27: Lost braces in \itemize; meant \describe ? checkRd: (-1) computeCBMeasure.Rd:28: Lost braces in \itemize; meant \describe ? checkRd: (-1) computeCBMeasure.Rd:29: Lost braces in \itemize; meant \describe ? checkRd: (-1) computeCBMeasure.Rd:30: Lost braces in \itemize; meant \describe ? checkRd: (-1) rdm.Rd:52: Lost braces in \itemize; meant \describe ? checkRd: (-1) rdm.Rd:53: Lost braces in \itemize; meant \describe ? checkRd: (-1) rdm.Rd:54: Lost braces in \itemize; meant \describe ? checkRd: (-1) rdm.Rd:55: Lost braces in \itemize; meant \describe ? checkRd: (-1) rdm.Rd:56: Lost braces in \itemize; meant \describe ? Flavors: r-devel-linux-x86_64-debian-clang, r-devel-linux-x86_64-debian-gcc, r-devel-linux-x86_64-fedora-clang, r-devel-linux-x86_64-fedora-gcc, r-devel-windows-x86_64, r-patched-linux-x86_64, r-release-linux-x86_64, r-release-macos-arm64, r-release-macos-x86_64, r-release-windows-x86_64