CRAN Package Check Results for Package RClickhouse

Last updated on 2022-11-29 22:53:45 CET.

Flavor Version Tinstall Tcheck Ttotal Status Flags
r-devel-linux-x86_64-debian-clang 0.6.4 97.83 71.25 169.08 WARN
r-devel-linux-x86_64-debian-gcc 0.6.4 89.60 52.53 142.13 WARN
r-devel-linux-x86_64-fedora-clang 0.6.4 282.50 WARN
r-devel-linux-x86_64-fedora-gcc 0.6.4 245.88 WARN
r-devel-windows-x86_64 0.6.4 174.00 122.00 296.00 OK
r-patched-linux-x86_64 0.6.4 81.61 65.22 146.83 OK
r-release-linux-x86_64 0.6.4 88.86 66.25 155.11 OK
r-release-macos-arm64 0.6.4 72.00 NOTE
r-release-macos-x86_64 0.6.4 90.00 NOTE
r-release-windows-x86_64 0.6.4 181.00 127.00 308.00 OK
r-oldrel-macos-arm64 0.6.4 64.00 NOTE
r-oldrel-macos-x86_64 0.6.4 88.00 NOTE
r-oldrel-windows-ix86+x86_64 0.6.4 273.00 136.00 409.00 OK

Check Details

Version: 0.6.4
Check: whether package can be installed
Result: WARN
    Found the following significant warnings:
     RClickhouse_init.c:23:54: warning: a function declaration without a prototype is deprecated in all versions of C [-Wstrict-prototypes]
     vendor/clickhouse-cpp/contrib/lz4/lz4.c:373:20: warning: a function declaration without a prototype is deprecated in all versions of C [-Wstrict-prototypes]
     vendor/clickhouse-cpp/contrib/lz4/lz4.c:1474:26: warning: a function declaration without a prototype is deprecated in all versions of C [-Wstrict-prototypes]
Flavors: r-devel-linux-x86_64-debian-clang, r-devel-linux-x86_64-fedora-clang

Version: 0.6.4
Check: whether package can be installed
Result: WARN
    Found the following significant warnings:
     RClickhouse_init.c:23:1: warning: function declaration isn’t a prototype [-Wstrict-prototypes]
Flavors: r-devel-linux-x86_64-debian-gcc, r-devel-linux-x86_64-fedora-gcc

Version: 0.6.4
Check: installed package size
Result: NOTE
     installed size is 13.1Mb
     sub-directories of 1Mb or more:
     libs 12.7Mb
Flavors: r-release-macos-arm64, r-release-macos-x86_64, r-oldrel-macos-arm64, r-oldrel-macos-x86_64