Last updated on 2023-09-22 00:53:27 CEST.
Flavor | Version | Tinstall | Tcheck | Ttotal | Status | Flags |
---|---|---|---|---|---|---|
r-devel-linux-x86_64-debian-clang | 1.2.1 | 40.65 | 57.55 | 98.20 | NOTE | |
r-devel-linux-x86_64-debian-gcc | 1.2.1 | 29.57 | 43.58 | 73.15 | NOTE | |
r-devel-linux-x86_64-fedora-clang | 1.2.1 | 135.39 | NOTE | |||
r-devel-linux-x86_64-fedora-gcc | 1.2.1 | 151.35 | NOTE | |||
r-devel-windows-x86_64 | 1.2.1 | 33.00 | 80.00 | 113.00 | NOTE | |
r-patched-linux-x86_64 | 1.2.1 | 29.87 | 54.67 | 84.54 | NOTE | |
r-release-linux-x86_64 | 1.2.1 | 34.36 | 55.12 | 89.48 | NOTE | |
r-release-macos-arm64 | 1.2.1 | 47.00 | NOTE | |||
r-release-macos-x86_64 | 1.2.1 | 75.00 | NOTE | |||
r-release-windows-x86_64 | 1.2.1 | 46.00 | 94.00 | 140.00 | NOTE | |
r-oldrel-macos-arm64 | 1.2.1 | 36.00 | OK | |||
r-oldrel-macos-x86_64 | 1.2.1 | 50.00 | OK | |||
r-oldrel-windows-x86_64 | 1.2.1 | 44.00 | 92.00 | 136.00 | OK |
Version: 1.2.1
Check: C++ specification
Result: NOTE
Specified C++14: please drop specification unless essential
Flavors: r-devel-linux-x86_64-debian-clang, r-devel-linux-x86_64-debian-gcc, r-devel-linux-x86_64-fedora-clang, r-devel-linux-x86_64-fedora-gcc, r-devel-windows-x86_64, r-patched-linux-x86_64, r-release-linux-x86_64, r-release-macos-arm64, r-release-macos-x86_64, r-release-windows-x86_64