Last updated on 2021-04-21 23:48:13 CEST.
Flavor | Version | Tinstall | Tcheck | Ttotal | Status | Flags |
---|---|---|---|---|---|---|
r-devel-linux-x86_64-debian-clang | 0.5.9 | 7.63 | 67.53 | 75.16 | OK | |
r-devel-linux-x86_64-debian-gcc | 0.5.9 | 7.36 | 53.04 | 60.40 | OK | |
r-devel-linux-x86_64-fedora-clang | 0.5.9 | 100.41 | OK | |||
r-devel-linux-x86_64-fedora-gcc | 0.5.9 | 94.00 | OK | |||
r-devel-windows-ix86+x86_64 | 0.5.9 | 19.00 | 86.00 | 105.00 | OK | |
r-devel-windows-x86_64-gcc10-UCRT | 0.5.9 | OK | ||||
r-patched-linux-x86_64 | 0.5.9 | 9.37 | 62.50 | 71.87 | OK | |
r-release-linux-x86_64 | 0.5.9 | 7.71 | 62.48 | 70.19 | OK | |
r-release-macos-x86_64 | 0.5.9 | OK | ||||
r-release-windows-ix86+x86_64 | 0.5.9 | 19.00 | 67.00 | 86.00 | OK | |
r-oldrel-macos-x86_64 | 0.5.9 | OK | ||||
r-oldrel-windows-ix86+x86_64 | 0.5.9 | 0.00 | 7.00 | 7.00 | ERROR |
Version: 0.5.9
Check: package dependencies
Result: ERROR
Package required but not available: 'REBayes'
See section 'The DESCRIPTION file' in the 'Writing R Extensions'
manual.
Flavor: r-oldrel-windows-ix86+x86_64