CRAN Package Check Results for Package RBitmoji

Last updated on 2019-07-22 06:47:46 CEST.

Flavor Version Tinstall Tcheck Ttotal Status Flags
r-devel-linux-x86_64-debian-clang 0.0.2 2.14 22.86 25.00 NOTE
r-devel-linux-x86_64-debian-gcc 0.0.2 1.67 18.69 20.36 NOTE
r-devel-linux-x86_64-fedora-clang 0.0.2 30.12 NOTE
r-devel-linux-x86_64-fedora-gcc 0.0.2 29.02 NOTE
r-devel-windows-ix86+x86_64 0.0.2 4.00 36.00 40.00 NOTE
r-patched-linux-x86_64 0.0.2 1.99 23.06 25.05 OK
r-patched-solaris-x86 0.0.2 50.30 NOTE
r-release-linux-x86_64 0.0.2 1.96 23.09 25.05 OK
r-release-windows-ix86+x86_64 0.0.2 5.00 34.00 39.00 OK
r-release-osx-x86_64 0.0.2 NOTE
r-oldrel-windows-ix86+x86_64 0.0.2 4.00 52.00 56.00 OK
r-oldrel-osx-x86_64 0.0.2 NOTE

Check Details

Version: 0.0.2
Check: package vignettes
Result: NOTE
    Package vignette with placeholder title 'Vignette Title':
     'RBitmoji.Rmd'
Flavors: r-devel-linux-x86_64-debian-clang, r-devel-linux-x86_64-debian-gcc, r-devel-windows-ix86+x86_64

Version: 0.0.2
Check: dependencies in R code
Result: NOTE
    Namespace in Imports field not imported from: ‘jsonlite’
     All declared Imports should be used.
Flavors: r-devel-linux-x86_64-fedora-clang, r-devel-linux-x86_64-fedora-gcc, r-patched-solaris-x86, r-release-osx-x86_64, r-oldrel-osx-x86_64