CRAN Package Check Results for Package RBitmoji

Last updated on 2019-11-10 23:48:38 CET.

Flavor Version Tinstall Tcheck Ttotal Status Flags
r-devel-linux-x86_64-debian-clang 0.0.2 2.10 22.51 24.61 NOTE
r-devel-linux-x86_64-debian-gcc 0.0.2 1.86 18.48 20.34 NOTE
r-devel-linux-x86_64-fedora-clang 0.0.2 31.66 NOTE
r-devel-linux-x86_64-fedora-gcc 0.0.2 31.64 NOTE
r-devel-windows-ix86+x86_64 0.0.2 6.00 38.00 44.00 NOTE
r-patched-linux-x86_64 0.0.2 1.94 22.54 24.48 OK
r-patched-solaris-x86 0.0.2 46.80 NOTE
r-release-linux-x86_64 0.0.2 1.73 22.71 24.44 OK
r-release-windows-ix86+x86_64 0.0.2 8.00 38.00 46.00 OK
r-release-osx-x86_64 0.0.2 NOTE
r-oldrel-windows-ix86+x86_64 0.0.2 4.00 47.00 51.00 OK
r-oldrel-osx-x86_64 0.0.2 NOTE

Check Details

Version: 0.0.2
Check: package vignettes
Result: NOTE
    Package vignette with placeholder title 'Vignette Title':
     'RBitmoji.Rmd'
Flavors: r-devel-linux-x86_64-debian-clang, r-devel-linux-x86_64-debian-gcc, r-devel-windows-ix86+x86_64

Version: 0.0.2
Check: dependencies in R code
Result: NOTE
    Namespace in Imports field not imported from: ‘jsonlite’
     All declared Imports should be used.
Flavors: r-devel-linux-x86_64-fedora-clang, r-devel-linux-x86_64-fedora-gcc, r-patched-solaris-x86, r-release-osx-x86_64, r-oldrel-osx-x86_64