CRAN Package Check Results for Package RBPcurve

Last updated on 2020-11-25 23:51:46 CET.

Flavor Version Tinstall Tcheck Ttotal Status Flags
r-devel-linux-x86_64-debian-clang 1.2 10.97 86.00 96.97 OK
r-devel-linux-x86_64-debian-gcc 1.2 8.61 65.47 74.08 OK
r-devel-linux-x86_64-fedora-clang 1.2 124.10 OK
r-devel-linux-x86_64-fedora-gcc 1.2 111.42 OK
r-devel-windows-ix86+x86_64 1.2 23.00 91.00 114.00 OK
r-patched-linux-x86_64 1.2 10.55 80.59 91.14 ERROR
r-patched-solaris-x86 1.2 165.40 OK
r-release-linux-x86_64 1.2 11.57 80.64 92.21 OK
r-release-macos-x86_64 1.2 OK
r-release-windows-ix86+x86_64 1.2 25.00 114.00 139.00 OK
r-oldrel-macos-x86_64 1.2 OK
r-oldrel-windows-ix86+x86_64 1.2 13.00 76.00 89.00 OK

Check Details

Version: 1.2
Check: tests
Result: ERROR
     Running ‘run-all.R’ [5s/5s]
    Running the tests in ‘tests/run-all.R’ failed.
    Complete output:
     > library(testthat)
     > library(mlr)
     Loading required package: ParamHelpers
     'mlr' is in maintenance mode since July 2019. Future development
     efforts will go into its successor 'mlr3' (<https://mlr3.mlr-org.com>).
     >
     > test_check("RBPcurve")
     Loading required package: RBPcurve
     ── ERROR (test_add.R:18:9): add_functions ──────────────────────────────────────
     Error: invalid graphics state
     Backtrace:
     █
     1. └─RBPcurve:::checkAdd(fun = k, obj = obj, plot.values = i, show.info = j) test_add.R:18:8
     2. ├─base::do.call(fun, fun.arg) test_add.R:9:2
     3. └─RBPcurve::addWellCalib(...)
     4. ├─TeachingDemos::subplot(...)
     5. ├─base::do.call(...)
     6. ├─graphics::barplot(...)
     7. └─graphics::barplot.default(...)
     8. └─graphics:::xyrect(...)
     9. └─graphics::rect(y1, x1, y2, x2, ...)
    
     ══ testthat results ═══════════════════════════════════════════════════════════
     ERROR (test_add.R:18:9): add_functions
    
     [ FAIL 1 | WARN 0 | SKIP 0 | PASS 11 ]
     Error: Test failures
     Execution halted
Flavor: r-patched-linux-x86_64