CRAN Package Check Results for Package RBPcurve

Last updated on 2024-07-23 00:54:36 CEST.

Flavor Version Tinstall Tcheck Ttotal Status Flags
r-devel-linux-x86_64-debian-clang 1.2 8.62 98.79 107.41 OK
r-devel-linux-x86_64-debian-gcc 1.2 8.63 75.20 83.83 NOTE
r-devel-linux-x86_64-fedora-clang 1.2 141.94 OK
r-devel-linux-x86_64-fedora-gcc 1.2 141.05 OK
r-devel-windows-x86_64 1.2 12.00 85.00 97.00 NOTE
r-patched-linux-x86_64 1.2 16.79 94.15 110.94 OK
r-release-linux-x86_64 1.2 9.00 94.87 103.87 OK
r-release-macos-arm64 1.2 41.00 OK
r-release-macos-x86_64 1.2 79.00 OK
r-release-windows-x86_64 1.2 10.00 85.00 95.00 OK
r-oldrel-macos-arm64 1.2 45.00 OK
r-oldrel-macos-x86_64 1.2 71.00 OK
r-oldrel-windows-x86_64 1.2 14.00 106.00 120.00 OK

Check Details

Version: 1.2
Check: Rd cross-references
Result: NOTE Found the following Rd file(s) with Rd \link{} targets missing package anchors: addWellCalib.Rd: subplot Please provide package anchors for all Rd \link{} targets not in the package itself and the base packages. Flavors: r-devel-linux-x86_64-debian-gcc, r-devel-windows-x86_64