CRAN Package Check Results for Package RAppArmor

Last updated on 2019-09-08 23:47:22 CEST.

Flavor Version Tinstall Tcheck Ttotal Status Flags
r-devel-linux-x86_64-debian-clang 3.2 OK
r-devel-linux-x86_64-debian-gcc 3.2 2.60 18.84 21.44 WARN
r-devel-linux-x86_64-fedora-clang 3.2 33.29 OK
r-devel-linux-x86_64-fedora-gcc 3.2 32.40 OK
r-patched-linux-x86_64 3.2 2.60 23.19 25.79 OK
r-release-linux-x86_64 3.2 2.72 23.06 25.78 OK
r-release-osx-x86_64 3.2 OK
r-oldrel-osx-x86_64 3.2 OK

Check Details

Version: 3.2
Check: whether package can be installed
Result: WARN
    Found the following significant warnings:
     'config' variable 'CPP' is deprecated
Flavor: r-devel-linux-x86_64-debian-gcc