CRAN Package Check Results for Package RANKS

Last updated on 2020-11-25 23:51:46 CET.

Flavor Version Tinstall Tcheck Ttotal Status Flags
r-devel-linux-x86_64-debian-clang 1.0 9.46 84.23 93.69 OK
r-devel-linux-x86_64-debian-gcc 1.0 7.16 65.90 73.06 OK
r-devel-linux-x86_64-fedora-clang 1.0 117.39 NOTE
r-devel-linux-x86_64-fedora-gcc 1.0 106.72 NOTE
r-devel-windows-ix86+x86_64 1.0 18.00 137.00 155.00 OK
r-patched-linux-x86_64 1.0 7.97 80.12 88.09 OK
r-patched-solaris-x86 1.0 197.10 OK
r-release-linux-x86_64 1.0 9.27 80.56 89.83 OK
r-release-macos-x86_64 1.0 OK
r-release-windows-ix86+x86_64 1.0 16.00 158.00 174.00 OK
r-oldrel-macos-x86_64 1.0 OK
r-oldrel-windows-ix86+x86_64 1.0 17.00 159.00 176.00 OK

Check Details

Version: 1.0
Check: compiled code
Result: NOTE
    File ‘RANKS/libs/RANKS.so’:
     Found no calls to: ‘R_registerRoutines’, ‘R_useDynamicSymbols’
    
    It is good practice to register native routines and to disable symbol
    search.
    
    See ‘Writing portable packages’ in the ‘Writing R Extensions’ manual.
Flavors: r-devel-linux-x86_64-fedora-clang, r-devel-linux-x86_64-fedora-gcc