CRAN Package Check Results for Package R2admb

Last updated on 2019-10-13 23:47:29 CEST.

Flavor Version Tinstall Tcheck Ttotal Status Flags
r-devel-linux-x86_64-debian-clang 0.7.16 4.06 51.45 55.51 OK
r-devel-linux-x86_64-debian-gcc 0.7.16 3.57 40.92 44.49 OK
r-devel-linux-x86_64-fedora-clang 0.7.16 68.24 OK
r-devel-linux-x86_64-fedora-gcc 0.7.16 66.58 OK
r-devel-windows-ix86+x86_64 0.7.16 15.00 62.00 77.00 OK
r-patched-linux-x86_64 0.7.16 3.93 58.72 62.65 OK
r-patched-solaris-x86 0.7.16 83.90 OK
r-release-linux-x86_64 0.7.16 3.16 58.56 61.72 OK
r-release-windows-ix86+x86_64 0.7.16 11.00 89.00 100.00 OK
r-release-osx-x86_64 0.7.16 WARN
r-oldrel-windows-ix86+x86_64 0.7.16 5.00 60.00 65.00 OK
r-oldrel-osx-x86_64 0.7.16 OK

Check Details

Version: 0.7.16
Check: re-building of vignette outputs
Result: WARN
    Error(s) in re-building vignettes:
     ...
    --- re-building ‘R2admb.Rnw’ using knitr
    Error: processing vignette 'R2admb.Rnw' failed with diagnostics:
    there is no package called 'stringi'
    --- failed re-building ‘R2admb.Rnw’
    
    SUMMARY: processing the following file failed:
     ‘R2admb.Rnw’
    
    Error: Vignette re-building failed.
    Execution halted
Flavor: r-release-osx-x86_64