CRAN Package Check Results for Package R2MLwiN

Last updated on 2022-11-25 22:51:40 CET.

Flavor Version Tinstall Tcheck Ttotal Status Flags
r-devel-linux-x86_64-debian-clang 0.8-7 63.66 218.63 282.29 OK
r-devel-linux-x86_64-debian-gcc 0.8-7 47.03 160.81 207.84 OK
r-devel-linux-x86_64-fedora-clang 0.8-7 363.70 NOTE
r-devel-linux-x86_64-fedora-gcc 0.8-7 351.95 OK
r-devel-windows-x86_64 0.8-7 81.00 241.00 322.00 OK
r-patched-linux-x86_64 0.8-7 OK
r-release-linux-x86_64 0.8-7 42.63 204.55 247.18 OK
r-release-macos-arm64 0.8-7 78.00 OK
r-release-macos-x86_64 0.8-7 168.00 OK
r-release-windows-x86_64 0.8-7 104.00 235.00 339.00 OK
r-oldrel-macos-arm64 0.8-7 85.00 OK
r-oldrel-macos-x86_64 0.8-7 132.00 OK
r-oldrel-windows-ix86+x86_64 0.8-7 104.00 220.00 324.00 OK

Check Details

Version: 0.8-7
Check: Rd cross-references
Result: NOTE
    Undeclared package ‘generics’ in Rd xrefs
Flavor: r-devel-linux-x86_64-fedora-clang