Last updated on 2023-09-21 00:56:40 CEST.
Flavor | Version | Tinstall | Tcheck | Ttotal | Status | Flags |
---|---|---|---|---|---|---|
r-devel-linux-x86_64-debian-clang | 0.8-8 | 72.55 | 228.10 | 300.65 | OK | |
r-devel-linux-x86_64-debian-gcc | 0.8-8 | 51.11 | 161.11 | 212.22 | OK | |
r-devel-linux-x86_64-fedora-clang | 0.8-8 | 357.26 | NOTE | |||
r-devel-linux-x86_64-fedora-gcc | 0.8-8 | 356.33 | OK | |||
r-devel-windows-x86_64 | 0.8-8 | 49.00 | 169.00 | 218.00 | OK | |
r-patched-linux-x86_64 | 0.8-8 | 53.15 | 210.36 | 263.51 | OK | |
r-release-linux-x86_64 | 0.8-8 | 43.91 | 210.47 | 254.38 | OK | |
r-release-macos-arm64 | 0.8-8 | 95.00 | OK | |||
r-release-macos-x86_64 | 0.8-8 | 179.00 | OK | |||
r-release-windows-x86_64 | 0.8-8 | 68.00 | 214.00 | 282.00 | OK | |
r-oldrel-macos-arm64 | 0.8-8 | 80.00 | OK | |||
r-oldrel-macos-x86_64 | 0.8-8 | 114.00 | OK | |||
r-oldrel-windows-x86_64 | 0.8-8 | 70.00 | 193.00 | 263.00 | OK |
Version: 0.8-8
Check: Rd cross-references
Result: NOTE
Undeclared package ‘generics’ in Rd xrefs
Flavor: r-devel-linux-x86_64-fedora-clang