CRAN Package Check Results for Package R2BayesX

Last updated on 2021-03-02 23:48:40 CET.

Flavor Version Tinstall Tcheck Ttotal Status Flags
r-devel-linux-x86_64-debian-clang 1.1-1 OK
r-devel-linux-x86_64-debian-gcc 1.1-1 17.20 104.13 121.33 OK
r-devel-linux-x86_64-fedora-clang 1.1-1 200.79 NOTE
r-devel-linux-x86_64-fedora-gcc 1.1-1 188.90 OK
r-devel-windows-ix86+x86_64 1.1-1 39.00 221.00 260.00 OK
r-patched-linux-x86_64 1.1-1 17.50 128.14 145.64 OK
r-patched-solaris-x86 1.1-1 245.40 OK
r-release-linux-x86_64 1.1-1 19.97 127.16 147.13 OK
r-release-macos-x86_64 1.1-1 OK
r-release-windows-ix86+x86_64 1.1-1 31.00 165.00 196.00 OK
r-oldrel-macos-x86_64 1.1-1 OK
r-oldrel-windows-ix86+x86_64 1.1-1 36.00 221.00 257.00 OK

Check Details

Version: 1.1-1
Check: Rd cross-references
Result: NOTE
    Undeclared package ‘fields’ in Rd xrefs
Flavor: r-devel-linux-x86_64-fedora-clang