CRAN Package Check Results for Package R.temis

Last updated on 2021-04-22 23:49:50 CEST.

Flavor Version Tinstall Tcheck Ttotal Status Flags
r-devel-linux-x86_64-debian-clang 0.1.2 7.29 86.46 93.75 NOTE
r-devel-linux-x86_64-debian-gcc 0.1.2 6.30 64.49 70.79 NOTE
r-devel-linux-x86_64-fedora-clang 0.1.2 119.59 NOTE
r-devel-linux-x86_64-fedora-gcc 0.1.2 111.72 NOTE
r-devel-windows-ix86+x86_64 0.1.2 21.00 114.00 135.00 NOTE
r-devel-windows-x86_64-gcc10-UCRT 0.1.2 NOTE
r-patched-linux-x86_64 0.1.2 13.52 79.47 92.99 OK
r-patched-solaris-x86 0.1.2 167.00 NOTE
r-release-linux-x86_64 0.1.2 7.90 80.94 88.84 OK
r-release-macos-x86_64 0.1.2 NOTE
r-release-windows-ix86+x86_64 0.1.2 21.00 91.00 112.00 OK
r-oldrel-macos-x86_64 0.1.2 NOTE
r-oldrel-windows-ix86+x86_64 0.1.2 18.00 108.00 126.00 OK

Check Details

Version: 0.1.2
Check: LazyData
Result: NOTE
     'LazyData' is specified without a 'data' directory
Flavors: r-devel-linux-x86_64-debian-clang, r-devel-linux-x86_64-debian-gcc, r-devel-linux-x86_64-fedora-clang, r-devel-linux-x86_64-fedora-gcc, r-devel-windows-ix86+x86_64, r-devel-windows-x86_64-gcc10-UCRT

Version: 0.1.2
Check: dependencies in R code
Result: NOTE
    Namespace in Imports field not imported from: ‘testthat’
     All declared Imports should be used.
Flavors: r-devel-linux-x86_64-fedora-clang, r-devel-linux-x86_64-fedora-gcc, r-devel-windows-x86_64-gcc10-UCRT, r-patched-solaris-x86, r-release-macos-x86_64, r-oldrel-macos-x86_64