CRAN Package Check Results for Package R.rsp

Last updated on 2019-08-18 23:47:42 CEST.

Flavor Version Tinstall Tcheck Ttotal Status Flags
r-devel-linux-x86_64-debian-clang 0.43.1 12.84 141.97 154.81 NOTE
r-devel-linux-x86_64-debian-gcc 0.43.1 9.53 112.60 122.13 NOTE
r-devel-linux-x86_64-fedora-clang 0.43.1 192.47 NOTE
r-devel-linux-x86_64-fedora-gcc 0.43.1 186.77 NOTE
r-devel-windows-ix86+x86_64 0.43.1 41.00 641.00 682.00 OK
r-patched-linux-x86_64 0.43.1 13.34 141.76 155.10 OK
r-patched-solaris-x86 0.43.1 268.40 OK
r-release-linux-x86_64 0.43.1 11.37 140.80 152.17 OK
r-release-windows-ix86+x86_64 0.43.1 28.00 516.00 544.00 OK
r-release-osx-x86_64 0.43.1 FAIL
r-oldrel-windows-ix86+x86_64 0.43.1 27.00 550.00 577.00 OK
r-oldrel-osx-x86_64 0.43.1 OK

Check Details

Version: 0.43.1
Check: for non-standard things in the check directory
Result: NOTE
    Found the following files/directories:
     'random-args.txt' 'random.txt'
Flavors: r-devel-linux-x86_64-debian-clang, r-devel-linux-x86_64-debian-gcc, r-devel-linux-x86_64-fedora-clang, r-devel-linux-x86_64-fedora-gcc

Version: 0.43.1
Check: dependencies in R code
Result: FAIL
    
Flavor: r-release-osx-x86_64