CRAN Package Check Results for Package R.rsp

Last updated on 2019-05-23 02:46:57 CEST.

Flavor Version Tinstall Tcheck Ttotal Status Flags
r-devel-linux-x86_64-debian-clang 0.43.1 11.76 138.83 150.59 OK
r-devel-linux-x86_64-debian-gcc 0.43.1 9.76 112.34 122.10 OK
r-devel-linux-x86_64-fedora-clang 0.43.1 200.60 OK
r-devel-linux-x86_64-fedora-gcc 0.43.1 196.74 OK
r-devel-windows-ix86+x86_64 0.43.1 27.00 411.00 438.00 OK
r-patched-linux-x86_64 0.43.1 11.40 139.82 151.22 OK
r-patched-solaris-x86 0.43.1 272.50 OK
r-release-linux-x86_64 0.43.1 12.05 140.61 152.66 OK
r-release-windows-ix86+x86_64 0.43.1 30.00 552.00 582.00 OK
r-release-osx-x86_64 0.43.1 FAIL
r-oldrel-windows-ix86+x86_64 0.43.1 16.00 403.00 419.00 OK
r-oldrel-osx-x86_64 0.43.1 OK

Check Details

Version: 0.43.1
Check: dependencies in R code
Result: FAIL
    
Flavor: r-release-osx-x86_64