Last updated on 2021-04-22 23:49:50 CEST.
Flavor | Version | Tinstall | Tcheck | Ttotal | Status | Flags |
---|---|---|---|---|---|---|
r-devel-linux-x86_64-debian-clang | 2.14.0 | 8.68 | 117.71 | 126.39 | OK | |
r-devel-linux-x86_64-debian-gcc | 2.14.0 | 7.17 | 89.87 | 97.04 | OK | |
r-devel-linux-x86_64-fedora-clang | 2.14.0 | 156.26 | OK | |||
r-devel-linux-x86_64-fedora-gcc | 2.14.0 | 151.83 | OK | |||
r-devel-windows-ix86+x86_64 | 2.14.0 | 15.00 | 215.00 | 230.00 | OK | |
r-devel-windows-x86_64-gcc10-UCRT | 2.14.0 | OK | ||||
r-patched-linux-x86_64 | 2.14.0 | 10.82 | 112.76 | 123.58 | WARN | |
r-patched-solaris-x86 | 2.14.0 | 189.00 | OK | |||
r-release-linux-x86_64 | 2.14.0 | 9.21 | 111.19 | 120.40 | OK | |
r-release-macos-x86_64 | 2.14.0 | OK | ||||
r-release-windows-ix86+x86_64 | 2.14.0 | 16.00 | 281.00 | 297.00 | OK | |
r-oldrel-macos-x86_64 | 2.14.0 | OK | ||||
r-oldrel-windows-ix86+x86_64 | 2.14.0 | 11.00 | 206.00 | 217.00 | OK |
Version: 2.14.0
Check: whether package can be installed
Result: WARN
Found the following significant warnings:
Rd warning: /tmp/RtmpKgpy0l/R.INSTALL1fd51ccbb138/R.filesets/man/RdsFile.Rd:38: file link ‘saveRDS’ in package ‘base’ does not exist and so has been treated as a topic
Rd warning: /tmp/RtmpKgpy0l/R.INSTALL1fd51ccbb138/R.filesets/man/anyNA.GenericDataFileSet.Rd:38: file link ‘na.omit’ in package ‘stats’ does not exist and so has been treated as a topic
Rd warning: /tmp/RtmpKgpy0l/R.INSTALL1fd51ccbb138/R.filesets/man/appendFiles.GenericDataFileSet.Rd:32: file link ‘getFileClass.GenericDataFileSet’ in package ‘R.filesets’ does not exist and so has been treated as a topic
Rd warning: /tmp/RtmpKgpy0l/R.INSTALL1fd51ccbb138/R.filesets/man/as.list.GenericDataFileSet.Rd:25: file link ‘getFiles.GenericDataFileSet’ in package ‘R.filesets’ does not exist and so has been treated as a topic
Rd warning: /tmp/RtmpKgpy0l/R.INSTALL1fd51ccbb138/R.filesets/man/extract.GenericDataFileSet.Rd:51: file link ‘na.omit’ in package ‘stats’ does not exist and so has been treated as a topic
Rd warning: /tmp/RtmpKgpy0l/R.INSTALL1fd51ccbb138/R.filesets/man/getHeader.TabularTextFile.Rd:25: file link ‘readRawHeader.TabularTextFile’ in package ‘R.filesets’ does not exist and so has been treated as a topic
Rd warning: /tmp/RtmpKgpy0l/R.INSTALL1fd51ccbb138/R.filesets/man/gzip.GenericDataFile.Rd:56: file link ‘gzip’ in package ‘R.utils’ does not exist and so has been treated as a topic
Rd warning: /tmp/RtmpKgpy0l/R.INSTALL1fd51ccbb138/R.filesets/man/gzip.GenericDataFileSet.Rd:43: file link ‘gzip’ in package ‘R.utils’ does not exist and so has been treated as a topic
Rd warning: /tmp/RtmpKgpy0l/R.INSTALL1fd51ccbb138/R.filesets/man/gzip.GenericDataFileSet.Rd:43: file link ‘gunzip’ in package ‘R.utils’ does not exist and so has been treated as a topic
Rd warning: /tmp/RtmpKgpy0l/R.INSTALL1fd51ccbb138/R.filesets/man/indexOf.GenericDataFileSet.Rd:40: file link ‘getFullNames.GenericDataFileSet’ in package ‘R.filesets’ does not exist and so has been treated as a topic
Rd warning: /tmp/RtmpKgpy0l/R.INSTALL1fd51ccbb138/R.filesets/man/readDataFrame.Rd:42: file link ‘rbind’ in package ‘base’ does not exist and so has been treated as a topic
Rd warning: /tmp/RtmpKgpy0l/R.INSTALL1fd51ccbb138/R.filesets/man/readDataFrame.TabularTextFile.Rd:35: file link ‘getReadArguments.TabularTextFile’ in package ‘R.filesets’ does not exist and so has been treated as a topic
Flavor: r-patched-linux-x86_64