CRAN Package Check Results for Package R.SamBada

Last updated on 2023-02-03 23:51:45 CET.

Flavor Version Tinstall Tcheck Ttotal Status Flags
r-devel-linux-x86_64-debian-clang 0.1.3 5.82 62.66 68.48 NOTE
r-devel-linux-x86_64-debian-gcc 0.1.3 4.49 46.70 51.19 NOTE
r-devel-linux-x86_64-fedora-clang 0.1.3 93.22 NOTE
r-devel-linux-x86_64-fedora-gcc 0.1.3 104.32 NOTE
r-devel-windows-x86_64 0.1.3 34.00 97.00 131.00 OK
r-patched-linux-x86_64 0.1.3 7.04 60.38 67.42 NOTE
r-release-linux-x86_64 0.1.3 4.47 59.26 63.73 NOTE
r-release-macos-arm64 0.1.3 28.00 OK
r-release-macos-x86_64 0.1.3 39.00 OK
r-release-windows-x86_64 0.1.3 47.00 96.00 143.00 OK
r-oldrel-macos-arm64 0.1.3 27.00 OK
r-oldrel-macos-x86_64 0.1.3 38.00 OK
r-oldrel-windows-ix86+x86_64 0.1.3 10.00 90.00 100.00 OK

Check Details

Version: 0.1.3
Check: package dependencies
Result: NOTE
    Package suggested but not available for checking: ‘gdalUtils’
Flavors: r-devel-linux-x86_64-debian-clang, r-devel-linux-x86_64-debian-gcc, r-devel-linux-x86_64-fedora-clang, r-devel-linux-x86_64-fedora-gcc, r-patched-linux-x86_64, r-release-linux-x86_64