CRAN Package Check Results for Package QuasiSeq

Last updated on 2019-09-15 23:46:29 CEST.

Flavor Version Tinstall Tcheck Ttotal Status Flags
r-devel-linux-x86_64-debian-clang 1.0-10-2 9.48 69.19 78.67 OK
r-devel-linux-x86_64-debian-gcc 1.0-10-2 8.53 55.53 64.06 OK
r-devel-linux-x86_64-fedora-clang 1.0-10-2 95.66 OK
r-devel-linux-x86_64-fedora-gcc 1.0-10-2 94.74 OK
r-devel-windows-ix86+x86_64 1.0-10-2 32.00 103.00 135.00 OK
r-patched-linux-x86_64 1.0-10-2 8.29 68.34 76.63 OK
r-patched-solaris-x86 1.0-10-2 137.90 OK
r-release-linux-x86_64 1.0-10-2 9.95 68.39 78.34 OK
r-release-windows-ix86+x86_64 1.0-10-2 23.00 141.00 164.00 OK
r-release-osx-x86_64 1.0-10-2 ERROR
r-oldrel-windows-ix86+x86_64 1.0-10-2 19.00 97.00 116.00 OK
r-oldrel-osx-x86_64 1.0-10-2 OK

Check Details

Version: 1.0-10-2
Check: package dependencies
Result: ERROR
    Package required but not available: ‘edgeR’
    
    See section ‘The DESCRIPTION file’ in the ‘Writing R Extensions’
    manual.
Flavor: r-release-osx-x86_64