Last updated on 2021-02-23 23:50:43 CET.
Flavor | Version | Tinstall | Tcheck | Ttotal | Status | Flags |
---|---|---|---|---|---|---|
r-devel-linux-x86_64-debian-clang | 1.2.2 | 132.13 | 131.59 | 263.72 | OK | |
r-devel-linux-x86_64-debian-gcc | 1.2.2 | 78.86 | 100.97 | 179.83 | OK | |
r-devel-linux-x86_64-fedora-clang | 1.2.2 | 399.94 | NOTE | |||
r-devel-linux-x86_64-fedora-gcc | 1.2.2 | 335.48 | OK | |||
r-devel-windows-ix86+x86_64 | 1.2.2 | 215.00 | 205.00 | 420.00 | OK | |
r-patched-linux-x86_64 | 1.2.2 | 101.15 | 125.20 | 226.35 | OK | |
r-patched-solaris-x86 | 1.2.2 | 347.30 | OK | |||
r-release-linux-x86_64 | 1.2.2 | 101.77 | 127.34 | 229.11 | OK | |
r-release-macos-x86_64 | 1.2.2 | OK | ||||
r-release-windows-ix86+x86_64 | 1.2.2 | 290.00 | 273.00 | 563.00 | OK | |
r-oldrel-macos-x86_64 | 1.2.2 | OK | ||||
r-oldrel-windows-ix86+x86_64 | 1.2.2 | 197.00 | 238.00 | 435.00 | OK |
Version: 1.2.2
Check: installed package size
Result: NOTE
installed size is 5.0Mb
sub-directories of 1Mb or more:
libs 4.2Mb
Flavor: r-devel-linux-x86_64-fedora-clang