CRAN Package Check Results for Package QUALYPSO

Last updated on 2022-06-28 23:54:12 CEST.

Flavor Version Tinstall Tcheck Ttotal Status Flags
r-devel-linux-x86_64-debian-clang 2.0 4.74 41.50 46.24 OK
r-devel-linux-x86_64-debian-gcc 2.0 3.61 32.75 36.36 OK
r-devel-linux-x86_64-fedora-clang 2.0 67.20 NOTE
r-devel-linux-x86_64-fedora-gcc 2.0 69.64 NOTE
r-devel-windows-x86_64 2.0 20.00 68.00 88.00 OK
r-patched-linux-x86_64 2.0 4.99 41.73 46.72 OK
r-release-linux-x86_64 2.0 4.65 41.54 46.19 OK
r-release-macos-arm64 2.0 21.00 NOTE
r-release-macos-x86_64 2.0 30.00 NOTE
r-release-windows-x86_64 2.0 21.00 69.00 90.00 OK
r-oldrel-macos-arm64 2.0 21.00 NOTE
r-oldrel-macos-x86_64 2.0 29.00 NOTE
r-oldrel-windows-ix86+x86_64 2.0 10.00 63.00 73.00 OK

Check Details

Version: 2.0
Check: dependencies in R code
Result: NOTE
    Namespace in Imports field not imported from: ‘methods’
     All declared Imports should be used.
Flavors: r-devel-linux-x86_64-fedora-clang, r-devel-linux-x86_64-fedora-gcc, r-release-macos-arm64, r-release-macos-x86_64, r-oldrel-macos-arm64, r-oldrel-macos-x86_64