Last updated on 2022-05-17 23:56:43 CEST.
Flavor | Version | Tinstall | Tcheck | Ttotal | Status | Flags |
---|---|---|---|---|---|---|
r-devel-linux-x86_64-debian-clang | 0.1.1 | 10.55 | 126.59 | 137.14 | NOTE | |
r-devel-linux-x86_64-debian-gcc | 0.1.1 | 8.23 | 95.90 | 104.13 | NOTE | |
r-devel-linux-x86_64-fedora-clang | 0.1.1 | 167.66 | NOTE | |||
r-devel-linux-x86_64-fedora-gcc | 0.1.1 | 157.44 | NOTE | |||
r-devel-windows-x86_64 | 0.1.1 | 20.00 | 142.00 | 162.00 | NOTE | |
r-patched-linux-x86_64 | 0.1.1 | 8.23 | 122.85 | 131.08 | NOTE | |
r-release-linux-x86_64 | 0.1.1 | 7.07 | 123.51 | 130.58 | NOTE | |
r-release-macos-arm64 | 0.1.1 | 63.00 | NOTE | |||
r-release-macos-x86_64 | 0.1.1 | 65.00 | NOTE | |||
r-release-windows-x86_64 | 0.1.1 | 18.00 | 139.00 | 157.00 | NOTE | |
r-oldrel-macos-arm64 | 0.1.1 | 51.00 | NOTE | |||
r-oldrel-macos-x86_64 | 0.1.1 | 97.00 | NOTE | |||
r-oldrel-windows-ix86+x86_64 | 0.1.1 | 22.00 | 137.00 | 159.00 | NOTE |
Version: 0.1.1
Check: LazyData
Result: NOTE
'LazyData' is specified without a 'data' directory
Flavors: r-devel-linux-x86_64-debian-clang, r-devel-linux-x86_64-debian-gcc, r-devel-linux-x86_64-fedora-clang, r-devel-linux-x86_64-fedora-gcc, r-devel-windows-x86_64, r-patched-linux-x86_64, r-release-linux-x86_64, r-release-macos-arm64, r-release-macos-x86_64, r-release-windows-x86_64, r-oldrel-macos-arm64, r-oldrel-macos-x86_64, r-oldrel-windows-ix86+x86_64
Version: 0.1.1
Check: dependencies in R code
Result: NOTE
Namespace in Imports field not imported from: ‘MatrixModels’
All declared Imports should be used.
Flavors: r-devel-linux-x86_64-fedora-clang, r-devel-linux-x86_64-fedora-gcc, r-release-macos-arm64, r-release-macos-x86_64, r-oldrel-macos-arm64, r-oldrel-macos-x86_64