CRAN Package Check Results for Package QTL.gCIMapping

Last updated on 2022-06-28 23:54:12 CEST.

Flavor Version Tinstall Tcheck Ttotal Status Flags
r-devel-linux-x86_64-debian-clang 3.4 42.27 151.22 193.49 OK
r-devel-linux-x86_64-debian-gcc 3.4 33.80 112.20 146.00 OK
r-devel-linux-x86_64-fedora-clang 3.4 238.60 OK
r-devel-linux-x86_64-fedora-gcc 3.4 251.63 OK
r-devel-windows-x86_64 3.4 65.00 204.00 269.00 NOTE
r-patched-linux-x86_64 3.4 33.94 143.36 177.30 OK
r-release-linux-x86_64 3.4 32.02 142.16 174.18 OK
r-release-macos-arm64 3.4 63.00 OK
r-release-macos-x86_64 3.4 112.00 OK
r-release-windows-x86_64 3.4 70.00 209.00 279.00 NOTE
r-oldrel-macos-arm64 3.4 71.00 NOTE
r-oldrel-macos-x86_64 3.4 83.00 OK
r-oldrel-windows-ix86+x86_64 3.4 83.00 250.00 333.00 NOTE

Check Details

Version: 3.4
Check: installed package size
Result: NOTE
     installed size is 5.0Mb
     sub-directories of 1Mb or more:
     extdata 3.0Mb
     libs 1.0Mb
Flavors: r-devel-windows-x86_64, r-release-windows-x86_64, r-oldrel-macos-arm64, r-oldrel-windows-ix86+x86_64