CRAN Package Check Results for Package QAIG

Last updated on 2022-08-06 22:59:36 CEST.

Flavor Version Tinstall Tcheck Ttotal Status Flags
r-devel-linux-x86_64-debian-clang 0.1.7 2.45 28.58 31.03 NOTE
r-devel-linux-x86_64-debian-gcc 0.1.7 1.83 21.92 23.75 NOTE
r-devel-linux-x86_64-fedora-clang 0.1.7 48.66 NOTE
r-devel-linux-x86_64-fedora-gcc 0.1.7 50.12 NOTE
r-devel-windows-x86_64 0.1.7 9.00 55.00 64.00 NOTE
r-patched-linux-x86_64 0.1.7 1.86 27.43 29.29 NOTE
r-release-linux-x86_64 0.1.7 2.34 27.82 30.16 NOTE
r-release-macos-arm64 0.1.7 20.00 NOTE
r-release-macos-x86_64 0.1.7 23.00 NOTE
r-release-windows-x86_64 0.1.7 6.00 55.00 61.00 NOTE
r-oldrel-macos-arm64 0.1.7 23.00 NOTE
r-oldrel-macos-x86_64 0.1.7 25.00 NOTE
r-oldrel-windows-ix86+x86_64 0.1.7 6.00 47.00 53.00 NOTE

Check Details

Version: 0.1.7
Check: LazyData
Result: NOTE
     'LazyData' is specified without a 'data' directory
Flavors: r-devel-linux-x86_64-debian-clang, r-devel-linux-x86_64-debian-gcc, r-devel-linux-x86_64-fedora-clang, r-devel-linux-x86_64-fedora-gcc, r-devel-windows-x86_64, r-patched-linux-x86_64, r-release-linux-x86_64, r-release-macos-arm64, r-release-macos-x86_64, r-release-windows-x86_64, r-oldrel-macos-arm64, r-oldrel-macos-x86_64, r-oldrel-windows-ix86+x86_64