CRAN Package Check Results for Package PupillometryR

Last updated on 2022-11-29 22:53:44 CET.

Flavor Version Tinstall Tcheck Ttotal Status Flags
r-devel-linux-x86_64-debian-clang 0.0.4 8.00 148.85 156.85 OK
r-devel-linux-x86_64-debian-gcc 0.0.4 6.24 106.36 112.60 OK
r-devel-linux-x86_64-fedora-clang 0.0.4 196.52 NOTE
r-devel-linux-x86_64-fedora-gcc 0.0.4 187.85 NOTE
r-devel-windows-x86_64 0.0.4 42.00 176.00 218.00 OK
r-patched-linux-x86_64 0.0.4 7.32 135.58 142.90 OK
r-release-linux-x86_64 0.0.4 7.95 139.27 147.22 OK
r-release-macos-arm64 0.0.4 52.00 NOTE
r-release-macos-x86_64 0.0.4 99.00 NOTE
r-release-windows-x86_64 0.0.4 51.00 181.00 232.00 OK
r-oldrel-macos-arm64 0.0.4 59.00 NOTE
r-oldrel-macos-x86_64 0.0.4 72.00 NOTE
r-oldrel-windows-ix86+x86_64 0.0.4 17.00 176.00 193.00 OK

Check Details

Version: 0.0.4
Check: dependencies in R code
Result: NOTE
    Namespaces in Imports field not imported from:
     ‘data.table’ ‘itsadug’ ‘lazyeval’ ‘mgcv’
     All declared Imports should be used.
Flavors: r-devel-linux-x86_64-fedora-clang, r-devel-linux-x86_64-fedora-gcc, r-release-macos-arm64, r-release-macos-x86_64, r-oldrel-macos-arm64, r-oldrel-macos-x86_64