CRAN Package Check Results for Package ProjectManagement

Last updated on 2021-04-17 23:48:35 CEST.

Flavor Version Tinstall Tcheck Ttotal Status Flags
r-devel-linux-x86_64-debian-clang 1.3.7 10.30 91.29 101.59 NOTE
r-devel-linux-x86_64-debian-gcc 1.3.7 8.57 69.72 78.29 NOTE
r-devel-linux-x86_64-fedora-clang 1.3.7 127.65 NOTE
r-devel-linux-x86_64-fedora-gcc 1.3.7 114.61 NOTE
r-devel-windows-ix86+x86_64 1.3.7 28.00 111.00 139.00 NOTE
r-devel-windows-x86_64-gcc10-UCRT 1.3.7 NOTE
r-patched-linux-x86_64 1.3.7 9.46 82.56 92.02 OK
r-patched-solaris-x86 1.3.7 166.70 OK
r-release-linux-x86_64 1.3.7 10.97 82.87 93.84 OK
r-release-macos-x86_64 1.3.7 OK
r-release-windows-ix86+x86_64 1.3.7 25.00 113.00 138.00 OK
r-oldrel-macos-x86_64 1.3.7 OK
r-oldrel-windows-ix86+x86_64 1.3.7 17.00 103.00 120.00 OK

Check Details

Version: 1.3.7
Check: LazyData
Result: NOTE
     'LazyData' is specified without a 'data' directory
Flavors: r-devel-linux-x86_64-debian-clang, r-devel-linux-x86_64-debian-gcc, r-devel-linux-x86_64-fedora-clang, r-devel-linux-x86_64-fedora-gcc, r-devel-windows-ix86+x86_64, r-devel-windows-x86_64-gcc10-UCRT