CRAN Package Check Results for Package ProfoundData

Last updated on 2022-05-16 23:55:39 CEST.

Flavor Version Tinstall Tcheck Ttotal Status Flags
r-devel-linux-x86_64-debian-clang 0.2.1 10.43 76.55 86.98 NOTE
r-devel-linux-x86_64-debian-gcc 0.2.1 6.56 58.67 65.23 NOTE
r-devel-linux-x86_64-fedora-clang 0.2.1 105.57 NOTE
r-devel-linux-x86_64-fedora-gcc 0.2.1 113.88 NOTE
r-devel-windows-x86_64 0.2.1 58.00 96.00 154.00 NOTE
r-patched-linux-x86_64 0.2.1 9.62 73.05 82.67 NOTE
r-release-linux-x86_64 0.2.1 9.39 74.25 83.64 NOTE
r-release-macos-arm64 0.2.1 30.00 NOTE
r-release-macos-x86_64 0.2.1 42.00 NOTE
r-release-windows-x86_64 0.2.1 56.00 94.00 150.00 NOTE
r-oldrel-macos-arm64 0.2.1 38.00 NOTE
r-oldrel-macos-x86_64 0.2.1 55.00 NOTE
r-oldrel-windows-ix86+x86_64 0.2.1 21.00 87.00 108.00 NOTE

Check Details

Version: 0.2.1
Check: LazyData
Result: NOTE
     'LazyData' is specified without a 'data' directory
Flavors: r-devel-linux-x86_64-debian-clang, r-devel-linux-x86_64-debian-gcc, r-devel-linux-x86_64-fedora-clang, r-devel-linux-x86_64-fedora-gcc, r-devel-windows-x86_64, r-patched-linux-x86_64, r-release-linux-x86_64, r-release-macos-arm64, r-release-macos-x86_64, r-release-windows-x86_64, r-oldrel-macos-arm64, r-oldrel-macos-x86_64, r-oldrel-windows-ix86+x86_64