CRAN Package Check Results for Package PriorCD

Last updated on 2021-04-17 23:48:35 CEST.

Flavor Version Tinstall Tcheck Ttotal Status Flags
r-devel-linux-x86_64-debian-clang 0.1.0 5.95 56.32 62.27 NOTE
r-devel-linux-x86_64-debian-gcc 0.1.0 4.54 44.14 48.68 NOTE
r-devel-linux-x86_64-fedora-clang 0.1.0 81.11 NOTE
r-devel-linux-x86_64-fedora-gcc 0.1.0 70.94 NOTE
r-devel-windows-ix86+x86_64 0.1.0 18.00 77.00 95.00 NOTE
r-devel-windows-x86_64-gcc10-UCRT 0.1.0 OK
r-patched-linux-x86_64 0.1.0 5.54 52.06 57.60 NOTE
r-patched-solaris-x86 0.1.0 114.60 NOTE
r-release-linux-x86_64 0.1.0 5.06 52.17 57.23 NOTE
r-release-macos-x86_64 0.1.0 OK
r-release-windows-ix86+x86_64 0.1.0 22.00 78.00 100.00 NOTE
r-oldrel-macos-x86_64 0.1.0 OK
r-oldrel-windows-ix86+x86_64 0.1.0 10.00 68.00 78.00 OK

Check Details

Version: 0.1.0
Check: package vignettes
Result: NOTE
    Package vignette with placeholder title 'Vignette Title':
     'priorcd.Rmd'
Flavors: r-devel-linux-x86_64-debian-clang, r-devel-linux-x86_64-debian-gcc, r-devel-windows-ix86+x86_64, r-patched-linux-x86_64, r-release-linux-x86_64, r-release-windows-ix86+x86_64

Version: 0.1.0
Check: for non-standard things in the check directory
Result: NOTE
    Found the following files/directories:
     'network.html' 'network_files'
Flavors: r-devel-linux-x86_64-debian-clang, r-devel-linux-x86_64-debian-gcc, r-devel-linux-x86_64-fedora-clang, r-devel-linux-x86_64-fedora-gcc, r-patched-linux-x86_64, r-patched-solaris-x86, r-release-linux-x86_64