CRAN Package Check Results for Package PosteriorBootstrap

Last updated on 2022-07-03 23:55:53 CEST.

Flavor Version Tinstall Tcheck Ttotal Status Flags
r-devel-linux-x86_64-debian-clang 0.1.1 5.23 456.88 462.11 OK
r-devel-linux-x86_64-debian-gcc 0.1.1 3.04 347.91 350.95 OK
r-devel-linux-x86_64-fedora-clang 0.1.1 576.65 NOTE
r-devel-linux-x86_64-fedora-gcc 0.1.1 573.80 NOTE
r-devel-windows-x86_64 0.1.1 39.00 63.00 102.00 OK
r-patched-linux-x86_64 0.1.1 4.55 446.98 451.53 OK
r-release-linux-x86_64 0.1.1 5.14 462.00 467.14 OK
r-release-macos-arm64 0.1.1 227.00 NOTE
r-release-macos-x86_64 0.1.1 381.00 NOTE
r-release-windows-x86_64 0.1.1 22.00 63.00 85.00 OK
r-oldrel-macos-arm64 0.1.1 270.00 NOTE
r-oldrel-macos-x86_64 0.1.1 320.00 NOTE
r-oldrel-windows-ix86+x86_64 0.1.1 10.00 55.00 65.00 OK

Check Details

Version: 0.1.1
Check: dependencies in R code
Result: NOTE
    Namespaces in Imports field not imported from:
     ‘Rcpp’ ‘StanHeaders’ ‘dplyr’ ‘ggplot2’ ‘gridExtra’ ‘rstan’ ‘tibble’
     All declared Imports should be used.
Flavors: r-devel-linux-x86_64-fedora-clang, r-devel-linux-x86_64-fedora-gcc, r-release-macos-arm64, r-release-macos-x86_64, r-oldrel-macos-arm64, r-oldrel-macos-x86_64