CRAN Package Check Results for Package PortalHacienda

Last updated on 2022-12-03 23:56:23 CET.

Flavor Version Tinstall Tcheck Ttotal Status Flags
r-devel-linux-x86_64-debian-clang 0.1.6 3.92 45.31 49.23 NOTE
r-devel-linux-x86_64-debian-gcc 0.1.6 2.74 34.82 37.56 NOTE
r-devel-linux-x86_64-fedora-clang 0.1.6 69.65 NOTE
r-devel-linux-x86_64-fedora-gcc 0.1.6 71.62 NOTE
r-devel-windows-x86_64 0.1.6 21.00 110.00 131.00 NOTE
r-patched-linux-x86_64 0.1.6 3.45 41.86 45.31 NOTE
r-release-linux-x86_64 0.1.6 2.39 43.23 45.62 NOTE
r-release-macos-arm64 0.1.6 43.00 NOTE
r-release-macos-x86_64 0.1.6 61.00 NOTE
r-release-windows-x86_64 0.1.6 19.00 112.00 131.00 NOTE
r-oldrel-macos-arm64 0.1.6 39.00 NOTE
r-oldrel-macos-x86_64 0.1.6 56.00 NOTE
r-oldrel-windows-ix86+x86_64 0.1.6 13.00 204.00 217.00 NOTE

Check Details

Version: 0.1.6
Check: LazyData
Result: NOTE
     'LazyData' is specified without a 'data' directory
Flavors: r-devel-linux-x86_64-debian-clang, r-devel-linux-x86_64-debian-gcc, r-devel-linux-x86_64-fedora-clang, r-devel-linux-x86_64-fedora-gcc, r-devel-windows-x86_64, r-patched-linux-x86_64, r-release-linux-x86_64, r-release-macos-arm64, r-release-macos-x86_64, r-release-windows-x86_64, r-oldrel-macos-arm64, r-oldrel-macos-x86_64, r-oldrel-windows-ix86+x86_64

Version: 0.1.6
Check: dependencies in R code
Result: NOTE
    Namespace in Imports field not imported from: ‘purrr’
     All declared Imports should be used.
Flavors: r-devel-linux-x86_64-fedora-clang, r-devel-linux-x86_64-fedora-gcc, r-release-macos-arm64, r-release-macos-x86_64, r-oldrel-macos-arm64, r-oldrel-macos-x86_64