CRAN Package Check Results for Package PoissonSeq

Last updated on 2019-10-20 23:47:33 CEST.

Flavor Version Tinstall Tcheck Ttotal Status Flags
r-devel-linux-x86_64-debian-clang 1.1.2 1.90 20.11 22.01 NOTE
r-devel-linux-x86_64-debian-gcc 1.1.2 1.86 15.88 17.74 NOTE
r-devel-linux-x86_64-fedora-clang 1.1.2 27.58 NOTE
r-devel-linux-x86_64-fedora-gcc 1.1.2 27.08 NOTE
r-devel-windows-ix86+x86_64 1.1.2 10.00 44.00 54.00 NOTE
r-patched-linux-x86_64 1.1.2 1.49 19.75 21.24 NOTE
r-patched-solaris-x86 1.1.2 42.30 NOTE
r-release-linux-x86_64 1.1.2 1.96 19.95 21.91 NOTE
r-release-windows-ix86+x86_64 1.1.2 5.00 43.00 48.00 NOTE
r-release-osx-x86_64 1.1.2 NOTE
r-oldrel-windows-ix86+x86_64 1.1.2 3.00 30.00 33.00 NOTE
r-oldrel-osx-x86_64 1.1.2 NOTE

Check Details

Version: 1.1.2
Check: top-level files
Result: NOTE
    File
     LICENSE
    is not mentioned in the DESCRIPTION file.
Flavors: r-devel-linux-x86_64-debian-clang, r-devel-linux-x86_64-debian-gcc, r-devel-linux-x86_64-fedora-clang, r-devel-linux-x86_64-fedora-gcc, r-devel-windows-ix86+x86_64, r-patched-linux-x86_64, r-patched-solaris-x86, r-release-linux-x86_64, r-release-windows-ix86+x86_64, r-release-osx-x86_64, r-oldrel-windows-ix86+x86_64, r-oldrel-osx-x86_64

Version: 1.1.2
Check: dependencies in R code
Result: NOTE
    Packages in Depends field not imported from:
     'combinat' 'splines'
     These packages need to be imported from (in the NAMESPACE file)
     for when this namespace is loaded but not attached.
Flavors: r-devel-linux-x86_64-debian-clang, r-devel-linux-x86_64-debian-gcc, r-devel-linux-x86_64-fedora-clang, r-devel-linux-x86_64-fedora-gcc, r-devel-windows-ix86+x86_64, r-patched-linux-x86_64, r-patched-solaris-x86, r-release-linux-x86_64, r-release-windows-ix86+x86_64, r-release-osx-x86_64, r-oldrel-windows-ix86+x86_64, r-oldrel-osx-x86_64

Version: 1.1.2
Check: R code for possible problems
Result: NOTE
    Est.Depth: no visible global function definition for 'quantile'
    PS.FDR: no visible global function definition for 'quantile'
    Permu.Ind: no visible global function definition for 'permn'
    Permu.Ind: no visible global function definition for 'hcube'
    Trans.Data: no visible global function definition for 'write.table'
    Trans.Data: no visible global function definition for 'predict'
    Trans.Data: no visible global function definition for 'lm'
    Undefined global functions or variables:
     hcube lm permn predict quantile write.table
    Consider adding
     importFrom("stats", "lm", "predict", "quantile")
     importFrom("utils", "write.table")
    to your NAMESPACE file.
Flavors: r-devel-linux-x86_64-debian-clang, r-devel-linux-x86_64-debian-gcc, r-devel-linux-x86_64-fedora-clang, r-devel-linux-x86_64-fedora-gcc, r-devel-windows-ix86+x86_64, r-patched-linux-x86_64, r-patched-solaris-x86, r-release-linux-x86_64, r-release-windows-ix86+x86_64, r-release-osx-x86_64, r-oldrel-windows-ix86+x86_64, r-oldrel-osx-x86_64

Version: 1.1.2
Check: for non-standard things in the check directory
Result: NOTE
    Found the following files/directories:
     'pow.txt'
Flavors: r-devel-linux-x86_64-debian-clang, r-devel-linux-x86_64-debian-gcc, r-devel-linux-x86_64-fedora-clang, r-devel-linux-x86_64-fedora-gcc