CRAN Package Check Results for Package PhySortR

Last updated on 2022-07-05 23:55:48 CEST.

Flavor Version Tinstall Tcheck Ttotal Status Flags
r-devel-linux-x86_64-debian-clang 1.0.8 7.98 86.16 94.14 NOTE
r-devel-linux-x86_64-debian-gcc 1.0.8 8.27 64.54 72.81 NOTE
r-devel-linux-x86_64-fedora-clang 1.0.8 123.43 NOTE
r-devel-linux-x86_64-fedora-gcc 1.0.8 123.25 NOTE
r-devel-windows-x86_64 1.0.8 14.00 107.00 121.00 NOTE
r-patched-linux-x86_64 1.0.8 11.75 82.88 94.63 NOTE
r-release-linux-x86_64 1.0.8 7.31 82.87 90.18 NOTE
r-release-macos-arm64 1.0.8 35.00 NOTE
r-release-macos-x86_64 1.0.8 50.00 NOTE
r-release-windows-x86_64 1.0.8 20.00 110.00 130.00 NOTE
r-oldrel-macos-arm64 1.0.8 43.00 NOTE
r-oldrel-macos-x86_64 1.0.8 71.00 NOTE
r-oldrel-windows-ix86+x86_64 1.0.8 22.00 103.00 125.00 NOTE

Check Details

Version: 1.0.8
Check: LazyData
Result: NOTE
     'LazyData' is specified without a 'data' directory
Flavors: r-devel-linux-x86_64-debian-clang, r-devel-linux-x86_64-debian-gcc, r-devel-linux-x86_64-fedora-clang, r-devel-linux-x86_64-fedora-gcc, r-devel-windows-x86_64, r-patched-linux-x86_64, r-release-linux-x86_64, r-release-macos-arm64, r-release-macos-x86_64, r-release-windows-x86_64, r-oldrel-macos-arm64, r-oldrel-macos-x86_64, r-oldrel-windows-ix86+x86_64