CRAN Package Check Results for Package Peptides

Last updated on 2023-01-28 23:51:46 CET.

Flavor Version Tinstall Tcheck Ttotal Status Flags
r-devel-linux-x86_64-debian-clang 2.4.4 18.86 39.26 58.12 WARN
r-devel-linux-x86_64-debian-gcc 2.4.4 13.62 30.50 44.12 WARN
r-devel-linux-x86_64-fedora-clang 2.4.4 81.09 WARN
r-devel-linux-x86_64-fedora-gcc 2.4.4 77.07 WARN
r-devel-windows-x86_64 2.4.4 38.00 92.00 130.00 NOTE
r-patched-linux-x86_64 2.4.4 16.09 37.56 53.65 OK
r-release-linux-x86_64 2.4.4 16.31 37.07 53.38 OK
r-release-macos-arm64 2.4.4 29.00 OK
r-release-macos-x86_64 2.4.4 38.00 OK
r-release-windows-x86_64 2.4.4 59.00 88.00 147.00 OK
r-oldrel-macos-arm64 2.4.4 33.00 OK
r-oldrel-macos-x86_64 2.4.4 54.00 OK
r-oldrel-windows-ix86+x86_64 2.4.4 49.00 94.00 143.00 NOTE

Check Details

Version: 2.4.4
Check: whether package can be installed
Result: WARN
    Found the following significant warnings:
     init.c:13:51: warning: a function declaration without a prototype is deprecated in all versions of C [-Wstrict-prototypes]
    See ‘/home/hornik/tmp/R.check/r-devel-clang/Work/PKGS/Peptides.Rcheck/00install.out’ for details.
    * used C compiler: ‘Debian clang version 15.0.6’
    * used C++ compiler: ‘Debian clang version 15.0.6’
Flavor: r-devel-linux-x86_64-debian-clang

Version: 2.4.4
Check: package subdirectories
Result: NOTE
    Problems with news in ‘NEWS.md’:
    No news entries found.
Flavors: r-devel-linux-x86_64-debian-clang, r-devel-linux-x86_64-debian-gcc, r-devel-linux-x86_64-fedora-clang, r-devel-linux-x86_64-fedora-gcc, r-devel-windows-x86_64

Version: 2.4.4
Check: whether package can be installed
Result: WARN
    Found the following significant warnings:
     init.c:13:1: warning: function declaration isn’t a prototype [-Wstrict-prototypes]
    See ‘/home/hornik/tmp/R.check/r-devel-gcc/Work/PKGS/Peptides.Rcheck/00install.out’ for details.
    * used C compiler: ‘gcc-12 (Debian 12.2.0-14) 12.2.0’
    * used C++ compiler: ‘g++-12 (Debian 12.2.0-14) 12.2.0’
Flavor: r-devel-linux-x86_64-debian-gcc

Version: 2.4.4
Check: whether package can be installed
Result: WARN
    Found the following significant warnings:
     init.c:13:51: warning: a function declaration without a prototype is deprecated in all versions of C [-Wstrict-prototypes]
    See ‘/data/gannet/ripley/R/packages/tests-clang/Peptides.Rcheck/00install.out’ for details.
    * used C compiler: ‘clang version 15.0.6’
    * used C++ compiler: ‘clang version 15.0.6’
Flavor: r-devel-linux-x86_64-fedora-clang

Version: 2.4.4
Check: whether package can be installed
Result: WARN
    Found the following significant warnings:
     init.c:13:1: warning: function declaration isn’t a prototype [-Wstrict-prototypes]
    See ‘/data/gannet/ripley/R/packages/tests-devel/Peptides.Rcheck/00install.out’ for details.
    * used C compiler: ‘gcc (GCC) 12.2.1 20221121 (Red Hat 12.2.1-4)’
    * used C++ compiler: ‘g++ (GCC) 12.2.1 20221121 (Red Hat 12.2.1-4)’
Flavor: r-devel-linux-x86_64-fedora-gcc

Version: 2.4.4
Check: installed package size
Result: NOTE
     installed size is 5.5Mb
     sub-directories of 1Mb or more:
     libs 2.0Mb
     xvg-files 3.2Mb
Flavor: r-oldrel-windows-ix86+x86_64