CRAN Package Check Results for Package PartCensReg

Last updated on 2022-01-26 23:50:27 CET.

Flavor Version Tinstall Tcheck Ttotal Status Flags
r-devel-linux-x86_64-debian-clang 1.39 8.95 84.47 93.42 OK
r-devel-linux-x86_64-debian-gcc 1.39 7.67 64.51 72.18 OK
r-devel-linux-x86_64-fedora-clang 1.39 110.05 OK
r-devel-linux-x86_64-fedora-gcc 1.39 102.12 OK
r-devel-windows-x86_64-new-UL 1.39 50.00 105.00 155.00 OK
r-devel-windows-x86_64-new-TK 1.39 ERROR
r-patched-linux-x86_64 1.39 8.12 79.58 87.70 OK
r-release-linux-x86_64 1.39 8.36 77.99 86.35 OK
r-release-macos-arm64 1.39 OK
r-release-macos-x86_64 1.39 OK
r-release-windows-ix86+x86_64 1.39 21.00 92.00 113.00 OK
r-oldrel-macos-x86_64 1.39 OK
r-oldrel-windows-ix86+x86_64 1.39 19.00 91.00 110.00 OK

Check Details

Version: 1.39
Check: package dependencies
Result: NOTE
    Package suggested but not available for checking: 'AER'
Flavor: r-devel-windows-x86_64-new-TK

Version: 1.39
Check: examples
Result: ERROR
    Running examples in 'PartCensReg-Ex.R' failed
    The error most likely occurred in:
    
    > ### Name: Cens.SMN.PCR
    > ### Title: Estimation and diagnostics for partially linear censored
    > ### regression models
    > ### Aliases: Cens.SMN.PCR
    > ### Keywords: package censored censoring diagnostic partial partially
    >
    > ### ** Examples
    >
    > dtawage = get(data(PSID1976,package = "AER"))
    Error in find.package(package, lib.loc, verbose = verbose) :
     there is no package called 'AER'
    Calls: get -> data -> find.package
    Execution halted
Flavor: r-devel-windows-x86_64-new-TK