CRAN Package Check Results for Package PakPMICS2014Wm

Last updated on 2024-06-21 00:57:18 CEST.

Flavor Version Tinstall Tcheck Ttotal Status Flags
r-devel-linux-x86_64-debian-clang 0.1.1 29.91 36.37 66.28 NOTE
r-devel-linux-x86_64-debian-gcc 0.1.1 24.92 27.16 52.08 NOTE
r-devel-linux-x86_64-fedora-clang 0.1.1 89.76 NOTE
r-devel-linux-x86_64-fedora-gcc 0.1.1 83.60 NOTE
r-devel-windows-x86_64 0.1.1 25.00 54.00 79.00 NOTE
r-patched-linux-x86_64 0.1.1 30.80 34.70 65.50 NOTE
r-release-linux-x86_64 0.1.1 29.46 35.29 64.75 NOTE
r-release-macos-arm64 0.1.1 37.00 NOTE
r-release-macos-x86_64 0.1.1 43.00 NOTE
r-release-windows-x86_64 0.1.1 24.00 54.00 78.00 NOTE
r-oldrel-macos-arm64 0.1.1 39.00 OK
r-oldrel-macos-x86_64 0.1.1 54.00 OK
r-oldrel-windows-x86_64 0.1.1 26.00 56.00 82.00 OK

Check Details

Version: 0.1.1
Check: Rd files
Result: NOTE checkRd: (-1) MICS2014Wm.Rd:336: Lost braces in \enumerate; meant \describe ? checkRd: (-1) MICS2014Wm.Rd:337: Lost braces in \enumerate; meant \describe ? Flavors: r-devel-linux-x86_64-debian-clang, r-devel-linux-x86_64-debian-gcc, r-devel-linux-x86_64-fedora-clang, r-devel-linux-x86_64-fedora-gcc, r-devel-windows-x86_64, r-patched-linux-x86_64, r-release-linux-x86_64, r-release-macos-arm64, r-release-macos-x86_64, r-release-windows-x86_64

Version: 0.1.1
Check: dependencies in R code
Result: NOTE Namespace in Imports field not imported from: ‘stats’ All declared Imports should be used. Flavors: r-devel-linux-x86_64-fedora-clang, r-devel-linux-x86_64-fedora-gcc