Last updated on 2025-01-16 00:49:39 CET.
Flavor | Version | Tinstall | Tcheck | Ttotal | Status | Flags |
---|---|---|---|---|---|---|
r-devel-linux-x86_64-debian-clang | 3.2.13 | 75.96 | 87.89 | 163.85 | OK | |
r-devel-linux-x86_64-debian-gcc | 3.2.13 | 57.67 | 61.17 | 118.84 | OK | |
r-devel-linux-x86_64-fedora-clang | 3.2.13 | 251.58 | OK | |||
r-devel-linux-x86_64-fedora-gcc | 3.2.13 | 307.72 | OK | |||
r-devel-windows-x86_64 | 3.2.13 | 69.00 | 123.00 | 192.00 | OK | |
r-patched-linux-x86_64 | 3.2.13 | 76.61 | 84.83 | 161.44 | OK | |
r-release-linux-x86_64 | 3.2.13 | 82.28 | 84.50 | 166.78 | OK | |
r-release-macos-arm64 | 3.2.13 | 66.00 | NOTE | |||
r-release-macos-x86_64 | 3.2.13 | 105.00 | NOTE | |||
r-release-windows-x86_64 | 3.2.13 | 67.00 | 118.00 | 185.00 | OK | |
r-oldrel-macos-arm64 | 3.2.13 | 69.00 | NOTE | |||
r-oldrel-macos-x86_64 | 3.2.13 | 185.00 | NOTE | |||
r-oldrel-windows-x86_64 | 3.2.13 | 70.00 | 145.00 | 215.00 | OK |
Version: 3.2.13
Check: installed package size
Result: NOTE
installed size is 21.1Mb
sub-directories of 1Mb or more:
libs 20.7Mb
Flavors: r-release-macos-arm64, r-release-macos-x86_64, r-oldrel-macos-arm64, r-oldrel-macos-x86_64