CRAN Package Check Results for Package PRIMAL

Last updated on 2022-01-26 23:50:28 CET.

Flavor Version Tinstall Tcheck Ttotal Status Flags
r-devel-linux-x86_64-debian-clang 1.0.2 48.30 75.02 123.32 OK
r-devel-linux-x86_64-debian-gcc 1.0.2 38.78 60.19 98.97 OK
r-devel-linux-x86_64-fedora-clang 1.0.2 164.76 NOTE
r-devel-linux-x86_64-fedora-gcc 1.0.2 156.36 NOTE
r-devel-windows-x86_64-new-UL 1.0.2 56.00 126.00 182.00 OK
r-devel-windows-x86_64-new-TK 1.0.2 OK
r-patched-linux-x86_64 1.0.2 43.47 71.41 114.88 OK
r-release-linux-x86_64 1.0.2 41.55 71.94 113.49 OK
r-release-macos-arm64 1.0.2 NOTE
r-release-macos-x86_64 1.0.2 NOTE
r-release-windows-ix86+x86_64 1.0.2 103.00 129.00 232.00 OK
r-oldrel-macos-x86_64 1.0.2 NOTE
r-oldrel-windows-ix86+x86_64 1.0.2 105.00 128.00 233.00 OK

Check Details

Version: 1.0.2
Check: installed package size
Result: NOTE
     installed size is 8.9Mb
     sub-directories of 1Mb or more:
     libs 8.4Mb
Flavors: r-devel-linux-x86_64-fedora-clang, r-release-macos-arm64, r-release-macos-x86_64, r-oldrel-macos-x86_64

Version: 1.0.2
Check: compiled code
Result: NOTE
    File ‘PRIMAL/libs/PRIMAL.so’:
     Found no calls to: ‘R_registerRoutines’, ‘R_useDynamicSymbols’
    
    It is good practice to register native routines and to disable symbol
    search.
    
    See ‘Writing portable packages’ in the ‘Writing R Extensions’ manual.
Flavors: r-devel-linux-x86_64-fedora-clang, r-devel-linux-x86_64-fedora-gcc