CRAN Package Check Results for Package PRECAST

Last updated on 2022-11-29 22:53:44 CET.

Flavor Version Tinstall Tcheck Ttotal Status Flags
r-devel-linux-x86_64-debian-clang 1.3 190.23 532.21 722.44 OK
r-devel-linux-x86_64-debian-gcc 1.3 145.48 396.66 542.14 OK
r-devel-linux-x86_64-fedora-clang 1.3 983.81 OK
r-devel-linux-x86_64-fedora-gcc 1.3 969.25 OK
r-devel-windows-x86_64 1.3 135.00 550.00 685.00 OK
r-patched-linux-x86_64 1.3 162.39 502.69 665.08 OK
r-release-linux-x86_64 1.3 122.25 499.73 621.98 OK
r-release-macos-arm64 1.3 248.00 NOTE
r-release-macos-x86_64 1.3 299.00 NOTE
r-release-windows-x86_64 1.3 156.00 563.00 719.00 OK
r-oldrel-macos-arm64 1.3 209.00 NOTE
r-oldrel-macos-x86_64 1.3 294.00 NOTE
r-oldrel-windows-ix86+x86_64 1.3 406.00 688.00 1094.00 NOTE

Check Details

Version: 1.3
Check: installed package size
Result: NOTE
     installed size is 11.8Mb
     sub-directories of 1Mb or more:
     data 2.2Mb
     libs 8.9Mb
Flavors: r-release-macos-arm64, r-release-macos-x86_64, r-oldrel-macos-arm64, r-oldrel-macos-x86_64, r-oldrel-windows-ix86+x86_64