CRAN Package Check Results for Package PPtreeregViz

Last updated on 2025-01-16 00:49:39 CET.

Flavor Version Tinstall Tcheck Ttotal Status Flags
r-devel-linux-x86_64-debian-clang 2.0.5 34.55 157.11 191.66 NOTE
r-devel-linux-x86_64-debian-gcc 2.0.5 25.49 111.72 137.21 NOTE
r-devel-linux-x86_64-fedora-clang 2.0.5 325.73 NOTE
r-devel-linux-x86_64-fedora-gcc 2.0.5 317.69 NOTE
r-devel-windows-x86_64 2.0.5 41.00 162.00 203.00 NOTE
r-patched-linux-x86_64 2.0.5 32.54 142.29 174.83 NOTE
r-release-linux-x86_64 2.0.5 32.41 143.85 176.26 NOTE
r-release-macos-arm64 2.0.5 80.00 NOTE
r-release-macos-x86_64 2.0.5 118.00 NOTE
r-release-windows-x86_64 2.0.5 40.00 166.00 206.00 NOTE
r-oldrel-macos-arm64 2.0.5 93.00 NOTE
r-oldrel-macos-x86_64 2.0.5 156.00 NOTE
r-oldrel-windows-x86_64 2.0.5 41.00 203.00 244.00 NOTE

Check Details

Version: 2.0.5
Check: C++ specification
Result: NOTE Specified C++11: please drop specification unless essential Flavors: r-devel-linux-x86_64-debian-clang, r-devel-linux-x86_64-debian-gcc, r-devel-linux-x86_64-fedora-clang, r-devel-linux-x86_64-fedora-gcc, r-devel-windows-x86_64, r-patched-linux-x86_64, r-release-linux-x86_64, r-release-macos-arm64, r-release-macos-x86_64, r-release-windows-x86_64, r-oldrel-macos-arm64, r-oldrel-macos-x86_64, r-oldrel-windows-x86_64